CRAN Package Check Results for Package ggmosaic

Last updated on 2023-01-28 02:57:20 CET.

Flavor Version Tinstall Tcheck Ttotal Status Flags
r-devel-linux-x86_64-debian-clang 0.3.3 9.04 109.12 118.16 OK
r-devel-linux-x86_64-debian-gcc 0.3.3 7.51 78.86 86.37 OK
r-devel-linux-x86_64-fedora-clang 0.3.3 142.45 NOTE
r-devel-linux-x86_64-fedora-gcc 0.3.3 146.83 NOTE
r-devel-windows-x86_64 0.3.3 14.00 142.00 156.00 OK
r-patched-linux-x86_64 0.3.3 10.35 100.35 110.70 OK
r-release-linux-x86_64 0.3.3 9.32 101.54 110.86 OK
r-release-macos-arm64 0.3.3 41.00 NOTE
r-release-macos-x86_64 0.3.3 72.00 NOTE
r-release-windows-x86_64 0.3.3 40.00 146.00 186.00 OK
r-oldrel-macos-arm64 0.3.3 56.00 NOTE
r-oldrel-macos-x86_64 0.3.3 55.00 NOTE
r-oldrel-windows-ix86+x86_64 0.3.3 25.00 136.00 161.00 OK

Check Details

Version: 0.3.3
Check: dependencies in R code
Result: NOTE
    Namespaces in Imports field not imported from:
     ‘productplots’ ‘scales’
     All declared Imports should be used.
Flavors: r-devel-linux-x86_64-fedora-clang, r-devel-linux-x86_64-fedora-gcc, r-release-macos-arm64, r-release-macos-x86_64, r-oldrel-macos-arm64, r-oldrel-macos-x86_64