Last updated on 2023-01-30 10:52:01 CET.
Flavor | Version | Tinstall | Tcheck | Ttotal | Status | Flags |
---|---|---|---|---|---|---|
r-devel-linux-x86_64-debian-clang | 1.2.8 | 17.15 | 651.82 | 668.97 | NOTE | |
r-devel-linux-x86_64-debian-gcc | 1.2.8 | 15.90 | 449.37 | 465.27 | NOTE | |
r-devel-linux-x86_64-fedora-clang | 1.2.8 | 727.09 | NOTE | |||
r-devel-linux-x86_64-fedora-gcc | 1.2.8 | 768.77 | NOTE | |||
r-devel-windows-x86_64 | 1.2.8 | 113.00 | 684.00 | 797.00 | NOTE | |
r-patched-linux-x86_64 | 1.2.8 | 21.13 | 551.52 | 572.65 | NOTE | |
r-release-linux-x86_64 | 1.2.8 | 18.44 | 555.77 | 574.21 | NOTE | |
r-release-macos-arm64 | 1.2.8 | 119.00 | NOTE | |||
r-release-macos-x86_64 | 1.2.8 | 153.00 | NOTE | |||
r-release-windows-x86_64 | 1.2.8 | 143.00 | 662.00 | 805.00 | NOTE | |
r-oldrel-macos-arm64 | 1.2.8 | 114.00 | NOTE | |||
r-oldrel-macos-x86_64 | 1.2.8 | 145.00 | NOTE | |||
r-oldrel-windows-ix86+x86_64 | 1.2.8 | 37.00 | 618.00 | 655.00 | NOTE |
Version: 1.2.8
Check: package dependencies
Result: NOTE
Packages suggested but not available for checking:
'nlmixr', 'lixoftConnectors'
Flavors: r-devel-linux-x86_64-debian-clang, r-devel-linux-x86_64-debian-gcc, r-devel-linux-x86_64-fedora-clang, r-devel-linux-x86_64-fedora-gcc, r-patched-linux-x86_64, r-release-linux-x86_64
Version: 1.2.8
Check: installed package size
Result: NOTE
installed size is 8.9Mb
sub-directories of 1Mb or more:
doc 1.1Mb
help 2.3Mb
testdata 4.8Mb
Flavors: r-devel-linux-x86_64-fedora-clang, r-devel-windows-x86_64, r-release-macos-arm64, r-release-macos-x86_64, r-release-windows-x86_64, r-oldrel-macos-arm64, r-oldrel-macos-x86_64, r-oldrel-windows-ix86+x86_64
Version: 1.2.8
Check: package dependencies
Result: NOTE
Package suggested but not available for checking: 'lixoftConnectors'
Flavors: r-devel-windows-x86_64, r-release-macos-arm64, r-release-macos-x86_64, r-release-windows-x86_64, r-oldrel-macos-arm64, r-oldrel-macos-x86_64, r-oldrel-windows-ix86+x86_64