Last updated on 2023-01-30 10:52:01 CET.
Flavor | Version | Tinstall | Tcheck | Ttotal | Status | Flags |
---|---|---|---|---|---|---|
r-devel-linux-x86_64-debian-clang | 0.10.0 | 7.71 | 55.88 | 63.59 | NOTE | |
r-devel-linux-x86_64-debian-gcc | 0.10.0 | 5.82 | 43.39 | 49.21 | NOTE | |
r-devel-linux-x86_64-fedora-clang | 0.10.0 | 77.13 | NOTE | |||
r-devel-linux-x86_64-fedora-gcc | 0.10.0 | 100.31 | NOTE | |||
r-devel-windows-x86_64 | 0.10.0 | 634.00 | 101.00 | 735.00 | OK | |
r-patched-linux-x86_64 | 0.10.0 | 6.87 | 57.41 | 64.28 | NOTE | |
r-release-linux-x86_64 | 0.10.0 | 5.25 | 57.91 | 63.16 | NOTE | |
r-release-macos-arm64 | 0.10.0 | 35.00 | NOTE | |||
r-release-macos-x86_64 | 0.10.0 | 52.00 | NOTE | |||
r-release-windows-x86_64 | 0.10.0 | 373.00 | 109.00 | 482.00 | OK | |
r-oldrel-macos-arm64 | 0.10.0 | 31.00 | NOTE | |||
r-oldrel-macos-x86_64 | 0.10.0 | 41.00 | NOTE | |||
r-oldrel-windows-ix86+x86_64 | 0.10.0 | 15.00 | 92.00 | 107.00 | OK |
Version: 0.10.0
Check: R code for possible problems
Result: NOTE
Found the following assignments to the global environment:
File ‘ggExtra/R/ggMarginalGadget.R’:
assign(plotname, eval(parse(text = origPlot)), envir = .GlobalEnv)
Flavors: r-devel-linux-x86_64-debian-clang, r-devel-linux-x86_64-debian-gcc, r-devel-linux-x86_64-fedora-clang, r-patched-linux-x86_64, r-release-linux-x86_64
Version: 0.10.0
Check: dependencies in R code
Result: NOTE
Namespaces in Imports field not imported from:
‘R6’ ‘grDevices’ ‘scales’ ‘utils’
All declared Imports should be used.
Flavors: r-devel-linux-x86_64-fedora-clang, r-devel-linux-x86_64-fedora-gcc, r-release-macos-arm64, r-release-macos-x86_64, r-oldrel-macos-arm64, r-oldrel-macos-x86_64