CRAN Package Check Results for Package geometa

Last updated on 2024-07-22 02:48:08 CEST.

Flavor Version Tinstall Tcheck Ttotal Status Flags
r-devel-linux-x86_64-debian-clang 0.8-0 249.53 480.61 730.14 OK
r-devel-linux-x86_64-debian-gcc 0.8-0 205.47 350.61 556.08 NOTE
r-devel-linux-x86_64-fedora-clang 0.8-0 1040.55 NOTE
r-devel-linux-x86_64-fedora-gcc 0.8-0 908.52 OK
r-devel-windows-x86_64 0.8-0 225.00 478.00 703.00 NOTE
r-patched-linux-x86_64 0.8-0 281.63 448.84 730.47 OK
r-release-linux-x86_64 0.8-0 175.86 447.18 623.04 OK
r-release-macos-arm64 0.8-0 285.00 NOTE
r-release-macos-x86_64 0.8-0 440.00 NOTE
r-release-windows-x86_64 0.8-0 225.00 471.00 696.00 NOTE
r-oldrel-macos-arm64 0.8-0 298.00 NOTE
r-oldrel-macos-x86_64 0.8-0 613.00 NOTE
r-oldrel-windows-x86_64 0.8-0 293.00 593.00 886.00 NOTE

Check Details

Version: 0.8-0
Check: Rd cross-references
Result: NOTE Found the following Rd file(s) with Rd \link{} targets missing package anchors: GMLAbstractCRS.Rd: R6Class, XMLInternalNode-class GMLAbstractCoordinateOperation.Rd: R6Class, XMLInternalNode-class GMLAbstractCoordinateSystem.Rd: R6Class, XMLInternalNode-class GMLAbstractCoverage.Rd: R6Class, XMLInternalNode-class GMLAbstractCurve.Rd: R6Class GMLAbstractDiscreteCoverage.Rd: R6Class, XMLInternalNode-class GMLAbstractFeature.Rd: R6Class, XMLInternalNode-class GMLAbstractGML.Rd: R6Class, XMLInternalNode-class GMLAbstractGeneralConversion.Rd: R6Class GMLAbstractGeneralDerivedCRS.Rd: R6Class GMLAbstractGeneralOperationParameter.Rd: R6Class GMLAbstractGeneralParameterValue.Rd: R6Class, XMLInternalNode-class GMLAbstractGeometricAggregate.Rd: R6Class GMLAbstractGeometricPrimitive.Rd: R6Class GMLAbstractGeometry.Rd: R6Class, XMLInternalNode-class GMLAbstractImplicitGeometry.Rd: R6Class, XMLInternalNode-class GMLAbstractObject.Rd: R6Class, XMLInternalNode-class GMLAbstractReferenceableGrid.Rd: R6Class, XMLInternalNode-class GMLAbstractRing.Rd: R6Class GMLAbstractSingleCRS.Rd: R6Class GMLAbstractSingleOperation.Rd: R6Class GMLAbstractSurface.Rd: R6Class GMLAbstractTimeGeometricPrimitive.Rd: R6Class, XMLInternalNode-class GMLAbstractTimeObject.Rd: R6Class, XMLInternalNode-class GMLAbstractTimePrimitive.Rd: R6Class, XMLInternalNode-class GMLAffineCS.Rd: R6Class GMLBaseUnit.Rd: R6Class, XMLInternalNode-class GMLCOVAbstractCoverage.Rd: R6Class, XMLInternalNode-class GMLCOVExtension.Rd: R6Class, XMLInternalNode-class GMLCartesianCS.Rd: R6Class GMLCodeType.Rd: R6Class, XMLInternalNode-class GMLCompoundCRS.Rd: R6Class, XMLInternalNode-class GMLConventionalUnit.Rd: R6Class, XMLInternalNode-class GMLConversion.Rd: R6Class GMLCoordinateSystemAxis.Rd: R6Class, XMLInternalNode-class GMLCylindricalCS.Rd: R6Class GMLDefinition.Rd: R6Class, XMLInternalNode-class GMLDerivedCRS.Rd: R6Class GMLDerivedUnit.Rd: R6Class, XMLInternalNode-class GMLElement.Rd: R6Class, XMLInternalNode-class GMLEllipsoidalCS.Rd: R6Class GMLEnvelope.Rd: R6Class, XMLInternalNode-class GMLEnvelopeWithTimePeriod.Rd: R6Class, XMLInternalNode-class GMLGeneralGridAxis.Rd: R6Class, XMLInternalNode-class GMLGeodeticCRS.Rd: R6Class GMLGrid.Rd: R6Class, XMLInternalNode-class GMLGridCoverage.Rd: R6Class, XMLInternalNode-class GMLGridEnvelope.Rd: R6Class GMLGridFunction.Rd: R6Class, XMLInternalNode-class GMLLineString.Rd: R6Class, XMLInternalNode-class GMLLinearCS.Rd: R6Class GMLLinearRing.Rd: R6Class, XMLInternalNode-class GMLMultiCurve.Rd: R6Class, XMLInternalNode-class GMLMultiCurveCoverage.Rd: R6Class, XMLInternalNode-class GMLMultiPoint.Rd: R6Class, XMLInternalNode-class GMLMultiPointCoverage.Rd: R6Class, XMLInternalNode-class GMLMultiSolidCoverage.Rd: R6Class, XMLInternalNode-class GMLMultiSurface.Rd: R6Class, XMLInternalNode-class GMLMultiSurfaceCoverage.Rd: R6Class, XMLInternalNode-class GMLObliqueCartesianCS.Rd: R6Class GMLOperationMethod.Rd: R6Class GMLOperationParameter.Rd: R6Class GMLOperationParameterGroup.Rd: R6Class GMLParameterValue.Rd: R6Class, XMLInternalNode-class GMLParameterValueGroup.Rd: R6Class, XMLInternalNode-class GMLPoint.Rd: R6Class, XMLInternalNode-class GMLPolarCS.Rd: R6Class GMLPolygon.Rd: R6Class, XMLInternalNode-class GMLProjectedCRS.Rd: R6Class GMLRectifiedGrid.Rd: R6Class, XMLInternalNode-class GMLRectifiedGridCoverage.Rd: R6Class, XMLInternalNode-class GMLReferenceableGridByArray.Rd: R6Class, XMLInternalNode-class GMLReferenceableGridByTransformation.Rd: R6Class, XMLInternalNode-class GMLReferenceableGridByVectors.Rd: R6Class, XMLInternalNode-class GMLSphericalCS.Rd: R6Class GMLTemporalCRS.Rd: R6Class GMLTemporalCS.Rd: R6Class GMLTimeCS.Rd: R6Class GMLTimeInstant.Rd: R6Class, XMLInternalNode-class GMLTimePeriod.Rd: R6Class, XMLInternalNode-class GMLUnitDefinition.Rd: R6Class, XMLInternalNode-class GMLUserDefinedCS.Rd: R6Class GMLVerticalCRS.Rd: R6Class GMLVerticalCS.Rd: R6Class INSPIREMetadataValidator.Rd: R6Class, XMLInternalNode-class ISOAbsoluteExternalPositionalAccuracy.Rd: R6Class ISOAbstractAggregate.Rd: R6Class, XMLInternalNode-class ISOAbstractCarrierOfCharacteristics.Rd: R6Class, XMLInternalNode-class ISOAbstractCatalogue.Rd: R6Class, XMLInternalNode-class ISOAbstractCompleteness.Rd: R6Class ISOAbstractGenericName.Rd: R6Class, XMLInternalNode-class ISOAbstractLogicalConsistency.Rd: R6Class ISOAbstractObject.Rd: R6Class, XMLInternalNode-class ISOAbstractPositionalAccuracy.Rd: R6Class ISOAbstractPropertyType.Rd: R6Class, XMLInternalNode-class ISOAbstractReferenceSystem.Rd: R6Class, XMLInternalNode-class ISOAbstractResult.Rd: R6Class, XMLInternalNode-class ISOAbstractTemporalAccuracy.Rd: R6Class ISOAbstractThematicAccuracy.Rd: R6Class ISOAccuracyOfATimeMeasurement.Rd: R6Class ISOAddress.Rd: R6Class, XMLInternalNode-class ISOAggregateInformation.Rd: R6Class, XMLInternalNode-class ISOAnchor.Rd: R6Class, XMLInternalNode-class ISOAngle.Rd: R6Class, XMLInternalNode-class ISOApplicationSchemaInformation.Rd: R6Class, XMLInternalNode-class ISOAssociation.Rd: R6Class, XMLInternalNode-class ISOAssociationRole.Rd: R6Class, XMLInternalNode-class ISOAssociationType.Rd: R6Class, XMLInternalNode-class ISOAttributes.Rd: R6Class ISOBand.Rd: R6Class, XMLInternalNode-class ISOBaseBoolean.Rd: R6Class, XMLInternalNode-class ISOBaseCharacterString.Rd: R6Class, XMLInternalNode-class ISOBaseDate.Rd: R6Class, XMLInternalNode-class ISOBaseDateTime.Rd: R6Class, XMLInternalNode-class ISOBaseDecimal.Rd: R6Class, XMLInternalNode-class ISOBaseInteger.Rd: R6Class, XMLInternalNode-class ISOBaseReal.Rd: R6Class, XMLInternalNode-class ISOBinary.Rd: R6Class, XMLInternalNode-class ISOBinding.Rd: R6Class ISOBoundAssociationRole.Rd: R6Class ISOBoundFeatureAttribute.Rd: R6Class ISOBoundingPolygon.Rd: R6Class, XMLInternalNode-class ISOBrowseGraphic.Rd: R6Class, XMLInternalNode-class ISOCarrierOfCharacteristics.Rd: R6Class, XMLInternalNode-class ISOCellGeometry.Rd: R6Class, XMLInternalNode-class ISOCharacterSet.Rd: R6Class, XMLInternalNode-class ISOCitation.Rd: R6Class, XMLInternalNode-class ISOCitationSeries.Rd: R6Class, XMLInternalNode-class ISOClassification.Rd: R6Class, XMLInternalNode-class ISOCodeListValue.Rd: R6Class, XMLInternalNode-class ISOCodelist.Rd: R6Class ISOCompletenessCommission.Rd: R6Class ISOCompletenessOmission.Rd: R6Class ISOConceptualConsistency.Rd: R6Class ISOConformanceResult.Rd: R6Class, XMLInternalNode-class ISOConstraint.Rd: R6Class, XMLInternalNode-class ISOConstraints.Rd: R6Class, XMLInternalNode-class ISOContact.Rd: R6Class, XMLInternalNode-class ISOContentInformation.Rd: R6Class, XMLInternalNode-class ISOCountry.Rd: R6Class, XMLInternalNode-class ISOCoupledResource.Rd: R6Class, XMLInternalNode-class ISOCouplingType.Rd: R6Class, XMLInternalNode-class ISOCoverageContentType.Rd: R6Class, XMLInternalNode-class ISOCoverageDescription.Rd: R6Class, XMLInternalNode-class ISODCPList.Rd: R6Class, XMLInternalNode-class ISODataFile.Rd: R6Class, XMLInternalNode-class ISODataIdentification.Rd: R6Class, XMLInternalNode-class ISODataQuality.Rd: R6Class, XMLInternalNode-class ISODataQualityAbstractElement.Rd: R6Class, XMLInternalNode-class ISODataSet.Rd: R6Class, XMLInternalNode-class ISODatatype.Rd: R6Class, XMLInternalNode-class ISODate.Rd: R6Class, XMLInternalNode-class ISODateType.Rd: R6Class, XMLInternalNode-class ISODefinitionReference.Rd: R6Class, XMLInternalNode-class ISODefinitionSource.Rd: R6Class, XMLInternalNode-class ISODigitalTransferOptions.Rd: R6Class, XMLInternalNode-class ISODimension.Rd: R6Class, XMLInternalNode-class ISODimensionNameType.Rd: R6Class, XMLInternalNode-class ISODistance.Rd: R6Class, XMLInternalNode-class ISODistribution.Rd: R6Class, XMLInternalNode-class ISODistributionUnits.Rd: R6Class, XMLInternalNode-class ISODistributor.Rd: R6Class, XMLInternalNode-class ISODomainConsistency.Rd: R6Class ISOElementSequence.Rd: R6Class, XMLInternalNode-class ISOEvaluationMethodType.Rd: R6Class, XMLInternalNode-class ISOExtendedElementInformation.Rd: R6Class, XMLInternalNode-class ISOExtent.Rd: R6Class, XMLInternalNode-class ISOFeatureAssociation.Rd: R6Class, XMLInternalNode-class ISOFeatureAttribute.Rd: R6Class, XMLInternalNode-class ISOFeatureCatalogue.Rd: R6Class, XMLInternalNode-class ISOFeatureCatalogueDescription.Rd: R6Class, XMLInternalNode-class ISOFeatureOperation.Rd: R6Class, XMLInternalNode-class ISOFeatureType.Rd: R6Class, XMLInternalNode-class ISOFileName.Rd: R6Class, XMLInternalNode-class ISOFormat.Rd: R6Class, XMLInternalNode-class ISOFormatConsistency.Rd: R6Class ISOFreeText.Rd: R6Class, XMLInternalNode-class ISOGeographicBoundingBox.Rd: R6Class, XMLInternalNode-class ISOGeographicDescription.Rd: R6Class, XMLInternalNode-class ISOGeographicExtent.Rd: R6Class, XMLInternalNode-class ISOGeometricObjectType.Rd: R6Class, XMLInternalNode-class ISOGeometricObjects.Rd: R6Class, XMLInternalNode-class ISOGeorectified.Rd: R6Class, XMLInternalNode-class ISOGeoreferenceable.Rd: R6Class, XMLInternalNode-class ISOGridSpatialRepresentation.Rd: R6Class, XMLInternalNode-class ISOGriddedDataPositionalAccuracy.Rd: R6Class ISOHierarchyLevel.Rd: R6Class, XMLInternalNode-class ISOIdentification.Rd: R6Class, XMLInternalNode-class ISOIdentifier.Rd: R6Class, XMLInternalNode-class ISOImageDescription.Rd: R6Class, XMLInternalNode-class ISOImageryAbstractGeolocationInformation.Rd: R6Class, XMLInternalNode-class ISOImageryAcquisitionInformation.Rd: R6Class, XMLInternalNode-class ISOImageryAlgorithm.Rd: R6Class, XMLInternalNode-class ISOImageryBand.Rd: R6Class, XMLInternalNode-class ISOImageryBandDefinition.Rd: R6Class, XMLInternalNode-class ISOImageryContext.Rd: R6Class, XMLInternalNode-class ISOImageryCoverageDescription.Rd: R6Class, XMLInternalNode-class ISOImageryCoverageResult.Rd: R6Class, XMLInternalNode-class ISOImageryEnvironmentalRecord.Rd: R6Class, XMLInternalNode-class ISOImageryEvent.Rd: R6Class, XMLInternalNode-class ISOImageryGCP.Rd: R6Class, XMLInternalNode-class ISOImageryGCPCollection.Rd: R6Class, XMLInternalNode-class ISOImageryGeometryType.Rd: R6Class, XMLInternalNode-class ISOImageryGeorectified.Rd: R6Class, XMLInternalNode-class ISOImageryGeoreferenceable.Rd: R6Class, XMLInternalNode-class ISOImageryImageDescription.Rd: R6Class, XMLInternalNode-class ISOImageryInstrument.Rd: R6Class, XMLInternalNode-class ISOImageryMetadata.Rd: R6Class, XMLInternalNode-class ISOImageryNominalResolution.Rd: R6Class, XMLInternalNode-class ISOImageryObjective.Rd: R6Class, XMLInternalNode-class ISOImageryObjectiveType.Rd: R6Class, XMLInternalNode-class ISOImageryOperation.Rd: R6Class, XMLInternalNode-class ISOImageryOperationType.Rd: R6Class, XMLInternalNode-class ISOImageryPlan.Rd: R6Class, XMLInternalNode-class ISOImageryPlatform.Rd: R6Class, XMLInternalNode-class ISOImageryPlatformPass.Rd: R6Class, XMLInternalNode-class ISOImageryPolarisationOrientation.Rd: R6Class, XMLInternalNode-class ISOImageryPriority.Rd: R6Class, XMLInternalNode-class ISOImageryProcessStep.Rd: R6Class, XMLInternalNode-class ISOImageryProcessStepReport.Rd: R6Class, XMLInternalNode-class ISOImageryProcessing.Rd: R6Class, XMLInternalNode-class ISOImageryRangeElementDescription.Rd: R6Class, XMLInternalNode-class ISOImageryRequestedDate.Rd: R6Class, XMLInternalNode-class ISOImageryRequirement.Rd: R6Class, XMLInternalNode-class ISOImagerySensorType.Rd: R6Class, XMLInternalNode-class ISOImagerySequence.Rd: R6Class, XMLInternalNode-class ISOImagerySource.Rd: R6Class, XMLInternalNode-class ISOImageryTransferFunctionType.Rd: R6Class, XMLInternalNode-class ISOImageryTrigger.Rd: R6Class, XMLInternalNode-class ISOImageryUsability.Rd: R6Class, XMLInternalNode-class ISOImagingCondition.Rd: R6Class, XMLInternalNode-class ISOInheritanceRelation.Rd: R6Class ISOInitiative.Rd: R6Class, XMLInternalNode-class ISOInitiativeType.Rd: R6Class, XMLInternalNode-class ISOKeywordType.Rd: R6Class, XMLInternalNode-class ISOKeywords.Rd: R6Class, XMLInternalNode-class ISOLanguage.Rd: R6Class, XMLInternalNode-class ISOLegalConstraints.Rd: R6Class, XMLInternalNode-class ISOLength.Rd: R6Class, XMLInternalNode-class ISOLineage.Rd: R6Class, XMLInternalNode-class ISOListedValue.Rd: R6Class, XMLInternalNode-class ISOLocalName.Rd: R6Class, XMLInternalNode-class ISOLocale.Rd: R6Class, XMLInternalNode-class ISOLocaleContainer.Rd: R6Class, XMLInternalNode-class ISOLocalisedCharacterString.Rd: R6Class, XMLInternalNode-class ISOMaintenanceFrequency.Rd: R6Class, XMLInternalNode-class ISOMaintenanceInformation.Rd: R6Class, XMLInternalNode-class ISOMeasure.Rd: R6Class, XMLInternalNode-class ISOMedium.Rd: R6Class, XMLInternalNode-class ISOMediumFormat.Rd: R6Class, XMLInternalNode-class ISOMediumName.Rd: R6Class, XMLInternalNode-class ISOMemberName.Rd: R6Class, XMLInternalNode-class ISOMetaIdentifier.Rd: R6Class, XMLInternalNode-class ISOMetadata.Rd: R6Class, XMLInternalNode-class ISOMetadataExtensionInformation.Rd: R6Class, XMLInternalNode-class ISOMetadataNamespace.Rd: R6Class ISOMimeFileType.Rd: R6Class, XMLInternalNode-class ISOMultiplicity.Rd: R6Class, XMLInternalNode-class ISOMultiplicityRange.Rd: R6Class, XMLInternalNode-class ISONonQuantitativeAttributeAccuracy.Rd: R6Class ISOObligation.Rd: R6Class, XMLInternalNode-class ISOOnLineFunction.Rd: R6Class, XMLInternalNode-class ISOOnlineResource.Rd: R6Class, XMLInternalNode-class ISOOperationMetadata.Rd: R6Class, XMLInternalNode-class ISOOtherAggregate.Rd: R6Class, XMLInternalNode-class ISOParameter.Rd: R6Class, XMLInternalNode-class ISOParameterDirection.Rd: R6Class, XMLInternalNode-class ISOPixelOrientation.Rd: R6Class, XMLInternalNode-class ISOPlatform.Rd: R6Class, XMLInternalNode-class ISOPortrayalCatalogueReference.Rd: R6Class, XMLInternalNode-class ISOPresentationForm.Rd: R6Class, XMLInternalNode-class ISOProcessStep.Rd: R6Class, XMLInternalNode-class ISOProductionSeries.Rd: R6Class, XMLInternalNode-class ISOPropertyType.Rd: R6Class, XMLInternalNode-class ISOQuantitativeAttributeAccuracy.Rd: R6Class ISOQuantitativeResult.Rd: R6Class, XMLInternalNode-class ISORangeDimension.Rd: R6Class, XMLInternalNode-class ISORecord.Rd: R6Class, XMLInternalNode-class ISORecordType.Rd: R6Class, XMLInternalNode-class ISOReferenceIdentifier.Rd: R6Class, XMLInternalNode-class ISOReferenceSystem.Rd: R6Class, XMLInternalNode-class ISORelativeInternalPositionalAccuracy.Rd: R6Class ISORepresentativeFraction.Rd: R6Class, XMLInternalNode-class ISOResolution.Rd: R6Class, XMLInternalNode-class ISOResponsibleParty.Rd: R6Class, XMLInternalNode-class ISORestriction.Rd: R6Class, XMLInternalNode-class ISORole.Rd: R6Class, XMLInternalNode-class ISORoleType.Rd: R6Class, XMLInternalNode-class ISOSRVServiceIdentification.Rd: R6Class, XMLInternalNode-class ISOScale.Rd: R6Class, XMLInternalNode-class ISOScope.Rd: R6Class, XMLInternalNode-class ISOScopeDescription.Rd: R6Class, XMLInternalNode-class ISOScopedName.Rd: R6Class, XMLInternalNode-class ISOSecurityConstraints.Rd: R6Class, XMLInternalNode-class ISOSensor.Rd: R6Class, XMLInternalNode-class ISOSeries.Rd: R6Class, XMLInternalNode-class ISOServiceIdentification.Rd: R6Class, XMLInternalNode-class ISOSource.Rd: R6Class, XMLInternalNode-class ISOSpatialRepresentation.Rd: R6Class, XMLInternalNode-class ISOSpatialRepresentationType.Rd: R6Class, XMLInternalNode-class ISOSpatialTemporalExtent.Rd: R6Class, XMLInternalNode-class ISOStandardOrderProcess.Rd: R6Class, XMLInternalNode-class ISOStatus.Rd: R6Class, XMLInternalNode-class ISOStereoMate.Rd: R6Class, XMLInternalNode-class ISOTelephone.Rd: R6Class, XMLInternalNode-class ISOTemporalConsistency.Rd: R6Class ISOTemporalExtent.Rd: R6Class, XMLInternalNode-class ISOTemporalValidity.Rd: R6Class ISOThematicClassificationCorrectness.Rd: R6Class ISOTopicCategory.Rd: R6Class, XMLInternalNode-class ISOTopologicalConsistency.Rd: R6Class ISOTopologyLevel.Rd: R6Class, XMLInternalNode-class ISOTypeName.Rd: R6Class, XMLInternalNode-class ISOURL.Rd: R6Class, XMLInternalNode-class ISOUnlimitedInteger.Rd: R6Class, XMLInternalNode-class ISOUsage.Rd: R6Class, XMLInternalNode-class ISOVectorSpatialRepresentation.Rd: R6Class, XMLInternalNode-class ISOVerticalExtent.Rd: R6Class, XMLInternalNode-class SWEAbstractDataComponent.Rd: R6Class, XMLInternalNode-class SWEAbstractEncoding.Rd: R6Class, XMLInternalNode-class SWEAbstractObject.Rd: R6Class, XMLInternalNode-class SWEAbstractSWE.Rd: R6Class, XMLInternalNode-class SWEAbstractSWEIdentifiable.Rd: R6Class, XMLInternalNode-class SWEAbstractSimpleComponent.Rd: R6Class, XMLInternalNode-class SWECategory.Rd: R6Class, XMLInternalNode-class SWECategoryRange.Rd: R6Class, XMLInternalNode-class SWECount.Rd: R6Class, XMLInternalNode-class SWECountRange.Rd: R6Class, XMLInternalNode-class SWEDataRecord.Rd: R6Class, XMLInternalNode-class SWEElement.Rd: R6Class, XMLInternalNode-class SWENilValues.Rd: R6Class, XMLInternalNode-class SWEQuantity.Rd: R6Class, XMLInternalNode-class SWEQuantityRange.Rd: R6Class, XMLInternalNode-class SWEText.Rd: R6Class, XMLInternalNode-class SWETextEncoding.Rd: R6Class, XMLInternalNode-class SWETime.Rd: R6Class, XMLInternalNode-class SWETimeRange.Rd: R6Class, XMLInternalNode-class SWEXMLEncoding.Rd: R6Class, XMLInternalNode-class geometaLogger.Rd: R6Class pivot_converter.Rd: R6Class pivot_format.Rd: R6Class Please provide package anchors for all Rd \link{} targets not in the package itself and the base packages. Flavors: r-devel-linux-x86_64-debian-gcc, r-devel-windows-x86_64

Version: 0.8-0
Check: installed package size
Result: NOTE installed size is 14.8Mb sub-directories of 1Mb or more: R 9.6Mb extdata 2.6Mb help 2.6Mb Flavors: r-devel-linux-x86_64-fedora-clang, r-devel-windows-x86_64, r-release-macos-arm64, r-release-macos-x86_64, r-release-windows-x86_64, r-oldrel-macos-arm64, r-oldrel-macos-x86_64, r-oldrel-windows-x86_64