Last updated on 2025-01-24 18:49:43 CET.
Flavor | Version | Tinstall | Tcheck | Ttotal | Status | Flags |
---|---|---|---|---|---|---|
r-devel-linux-x86_64-debian-clang | 2.0.0 | 4.91 | 42.66 | 47.57 | OK | |
r-devel-linux-x86_64-debian-gcc | 2.0.0 | 4.02 | 31.87 | 35.89 | OK | |
r-devel-linux-x86_64-fedora-clang | 2.0.0 | 73.15 | OK | |||
r-devel-linux-x86_64-fedora-gcc | 2.0.0 | 68.93 | OK | |||
r-devel-windows-x86_64 | 2.0.0 | 9.00 | 59.00 | 68.00 | OK | |
r-patched-linux-x86_64 | 2.0.0 | 5.22 | 40.54 | 45.76 | NOTE | |
r-release-linux-x86_64 | 2.0.0 | 4.82 | 40.19 | 45.01 | NOTE | |
r-release-macos-arm64 | 2.0.0 | 24.00 | NOTE | |||
r-release-macos-x86_64 | 2.0.0 | 36.00 | NOTE | |||
r-release-windows-x86_64 | 2.0.0 | 7.00 | 57.00 | 64.00 | NOTE | |
r-oldrel-macos-arm64 | 2.0.0 | 30.00 | NOTE | |||
r-oldrel-macos-x86_64 | 2.0.0 | 42.00 | NOTE | |||
r-oldrel-windows-x86_64 | 2.0.0 | 8.00 | 66.00 | 74.00 | NOTE |
Version: 2.0.0
Check: LazyData
Result: NOTE
'LazyData' is specified without a 'data' directory
Flavors: r-patched-linux-x86_64, r-release-linux-x86_64, r-release-macos-arm64, r-release-macos-x86_64, r-release-windows-x86_64, r-oldrel-macos-arm64, r-oldrel-macos-x86_64, r-oldrel-windows-x86_64