CRAN Package Check Results for Package geneticae

Last updated on 2023-01-31 03:00:44 CET.

Flavor Version Tinstall Tcheck Ttotal Status Flags
r-devel-linux-x86_64-debian-clang 0.4.0 14.35 171.05 185.40 OK
r-devel-linux-x86_64-debian-gcc 0.4.0 11.14 127.64 138.78 OK
r-devel-linux-x86_64-fedora-clang 0.4.0 222.85 NOTE
r-devel-linux-x86_64-fedora-gcc 0.4.0 239.84 NOTE
r-devel-windows-x86_64 0.4.0 24.00 195.00 219.00 OK
r-patched-linux-x86_64 0.4.0 14.64 165.49 180.13 OK
r-release-linux-x86_64 0.4.0 12.15 165.75 177.90 OK
r-release-macos-arm64 0.4.0 37.00 NOTE
r-release-macos-x86_64 0.4.0 69.00 NOTE
r-release-windows-x86_64 0.4.0 32.00 203.00 235.00 OK
r-oldrel-macos-arm64 0.4.0 42.00 NOTE
r-oldrel-macos-x86_64 0.4.0 71.00 NOTE
r-oldrel-windows-ix86+x86_64 0.4.0 39.00 192.00 231.00 OK

Check Details

Version: 0.4.0
Check: dependencies in R code
Result: NOTE
    Namespaces in Imports field not imported from:
     ‘GGEBiplots’ ‘calibrate’ ‘graphics’ ‘matrixStats’ ‘prettydoc’
     ‘reshape2’
     All declared Imports should be used.
Flavors: r-devel-linux-x86_64-fedora-clang, r-devel-linux-x86_64-fedora-gcc, r-release-macos-arm64, r-release-macos-x86_64, r-oldrel-macos-arm64, r-oldrel-macos-x86_64