CRAN Package Check Results for Package gdalUtilities

Last updated on 2024-07-18 10:51:09 CEST.

Flavor Version Tinstall Tcheck Ttotal Status Flags
r-devel-linux-x86_64-debian-clang 1.2.5 5.07 46.32 51.39 NOTE
r-devel-linux-x86_64-debian-gcc 1.2.5 4.05 34.70 38.75 NOTE
r-devel-linux-x86_64-fedora-clang 1.2.5 60.67 NOTE
r-devel-linux-x86_64-fedora-gcc 1.2.5 58.16 NOTE
r-devel-windows-x86_64 1.2.5 6.00 55.00 61.00 NOTE
r-patched-linux-x86_64 1.2.5 4.56 43.75 48.31 NOTE
r-release-linux-x86_64 1.2.5 4.65 42.38 47.03 NOTE
r-release-macos-arm64 1.2.5 21.00 NOTE
r-release-macos-x86_64 1.2.5 32.00 NOTE
r-release-windows-x86_64 1.2.5 5.00 55.00 60.00 NOTE
r-oldrel-macos-arm64 1.2.5 27.00 OK
r-oldrel-macos-x86_64 1.2.5 54.00 OK
r-oldrel-windows-x86_64 1.2.5 7.00 60.00 67.00 OK

Check Details

Version: 1.2.5
Check: Rd files
Result: NOTE checkRd: (-1) nearblack.Rd:30: Lost braces 30 | code{infile=}, indicating that the input file should be | ^ Flavors: r-devel-linux-x86_64-debian-clang, r-devel-linux-x86_64-debian-gcc, r-devel-linux-x86_64-fedora-clang, r-devel-linux-x86_64-fedora-gcc, r-devel-windows-x86_64, r-patched-linux-x86_64, r-release-linux-x86_64, r-release-macos-arm64, r-release-macos-x86_64, r-release-windows-x86_64