Last updated on 2023-02-07 10:53:58 CET.
Flavor | Version | Tinstall | Tcheck | Ttotal | Status | Flags |
---|---|---|---|---|---|---|
r-devel-linux-x86_64-debian-clang | 0.2.0 | 10.28 | 98.61 | 108.89 | OK | |
r-devel-linux-x86_64-debian-gcc | 0.2.0 | 7.51 | 73.78 | 81.29 | OK | |
r-devel-linux-x86_64-fedora-clang | 0.2.0 | 133.37 | NOTE | |||
r-devel-linux-x86_64-fedora-gcc | 0.2.0 | 142.45 | NOTE | |||
r-devel-windows-x86_64 | 0.2.0 | 22.00 | 122.00 | 144.00 | OK | |
r-patched-linux-x86_64 | 0.2.0 | 9.29 | 94.17 | 103.46 | OK | |
r-release-linux-x86_64 | 0.2.0 | 10.79 | 95.52 | 106.31 | OK | |
r-release-macos-arm64 | 0.2.0 | 58.00 | NOTE | |||
r-release-macos-x86_64 | 0.2.0 | 65.00 | NOTE | |||
r-release-windows-x86_64 | 0.2.0 | 27.00 | 131.00 | 158.00 | OK | |
r-oldrel-macos-arm64 | 0.2.0 | 43.00 | NOTE | |||
r-oldrel-macos-x86_64 | 0.2.0 | 55.00 | NOTE | |||
r-oldrel-windows-ix86+x86_64 | 0.2.0 | 23.00 | 123.00 | 146.00 | OK |
Version: 0.2.0
Check: dependencies in R code
Result: NOTE
Namespaces in Imports field not imported from:
‘MASS’ ‘MCMCpack’ ‘ggplot2’ ‘moments’
All declared Imports should be used.
Flavors: r-devel-linux-x86_64-fedora-clang, r-devel-linux-x86_64-fedora-gcc, r-release-macos-arm64, r-release-macos-x86_64, r-oldrel-macos-arm64, r-oldrel-macos-x86_64