CRAN Package Check Results for Package gJLS2

Last updated on 2023-12-10 03:59:56 CET.

Flavor Version Tinstall Tcheck Ttotal Status Flags
r-devel-linux-x86_64-debian-clang 0.2.0 8.43 95.77 104.20 OK
r-devel-linux-x86_64-debian-gcc 0.2.0 8.20 72.20 80.40 OK
r-devel-linux-x86_64-fedora-clang 0.2.0 142.09 NOTE
r-devel-linux-x86_64-fedora-gcc 0.2.0 136.10 NOTE
r-devel-windows-x86_64 0.2.0 10.00 88.00 98.00 OK
r-patched-linux-x86_64 0.2.0 9.32 91.90 101.22 OK
r-release-linux-x86_64 0.2.0 9.54 93.27 102.81 OK
r-release-macos-arm64 0.2.0 48.00 OK
r-release-macos-x86_64 0.2.0 80.00 OK
r-release-windows-x86_64 0.2.0 12.00 103.00 115.00 OK
r-oldrel-macos-arm64 0.2.0 58.00 NOTE
r-oldrel-macos-x86_64 0.2.0 65.00 NOTE
r-oldrel-windows-x86_64 0.2.0 13.00 105.00 118.00 OK

Check Details

Version: 0.2.0
Check: dependencies in R code
Result: NOTE Namespaces in Imports field not imported from: ‘MASS’ ‘MCMCpack’ ‘ggplot2’ ‘moments’ All declared Imports should be used. Flavors: r-devel-linux-x86_64-fedora-clang, r-devel-linux-x86_64-fedora-gcc, r-oldrel-macos-arm64, r-oldrel-macos-x86_64