Last updated on 2023-01-31 03:00:43 CET.
Flavor | Version | Tinstall | Tcheck | Ttotal | Status | Flags |
---|---|---|---|---|---|---|
r-devel-linux-x86_64-debian-clang | 6.1 | 32.28 | 301.72 | 334.00 | NOTE | |
r-devel-linux-x86_64-debian-gcc | 6.1 | 26.52 | 220.25 | 246.77 | NOTE | |
r-devel-linux-x86_64-fedora-clang | 6.1 | 404.12 | NOTE | |||
r-devel-linux-x86_64-fedora-gcc | 6.1 | 421.09 | NOTE | |||
r-devel-windows-x86_64 | 6.1 | 72.00 | 403.00 | 475.00 | NOTE | |
r-patched-linux-x86_64 | 6.1 | 38.81 | 289.47 | 328.28 | OK | |
r-release-linux-x86_64 | 6.1 | 30.19 | 280.96 | 311.15 | OK | |
r-release-macos-arm64 | 6.1 | 107.00 | OK | |||
r-release-macos-x86_64 | 6.1 | 177.00 | NOTE | |||
r-release-windows-x86_64 | 6.1 | 80.00 | 418.00 | 498.00 | OK | |
r-oldrel-macos-arm64 | 6.1 | 108.00 | OK | |||
r-oldrel-macos-x86_64 | 6.1 | 155.00 | OK | |||
r-oldrel-windows-ix86+x86_64 | 6.1 | 67.00 | 329.00 | 396.00 | OK |
Version: 6.1
Check: Rd files
Result: NOTE
checkRd: (-1) mean.fts.Rd:37: Escaped LaTeX specials: \&
checkRd: (-1) median.fts.Rd:41: Escaped LaTeX specials: \&
checkRd: (-1) plot.fm.Rd:38: Escaped LaTeX specials: \&
checkRd: (-1) residuals.fm.Rd:21: Escaped LaTeX specials: \&
checkRd: (-1) sd.fts.Rd:42: Escaped LaTeX specials: \&
checkRd: (-1) var.fts.Rd:38: Escaped LaTeX specials: \&
Flavors: r-devel-linux-x86_64-debian-clang, r-devel-linux-x86_64-debian-gcc, r-devel-linux-x86_64-fedora-clang, r-devel-linux-x86_64-fedora-gcc, r-devel-windows-x86_64
Version: 6.1
Check: package dependencies
Result: NOTE
Package suggested but not available for checking: ‘R2jags’
Flavor: r-release-macos-x86_64