Last updated on 2023-02-08 02:57:12 CET.
Flavor | Version | Tinstall | Tcheck | Ttotal | Status | Flags |
---|---|---|---|---|---|---|
r-devel-linux-x86_64-debian-clang | 0.9.4.4 | 18.77 | 154.88 | 173.65 | NOTE | |
r-devel-linux-x86_64-debian-gcc | 0.9.4.4 | 15.36 | 114.69 | 130.05 | NOTE | |
r-devel-linux-x86_64-fedora-clang | 0.9.4.4 | 224.75 | NOTE | |||
r-devel-linux-x86_64-fedora-gcc | 0.9.4.4 | 218.41 | NOTE | |||
r-devel-windows-x86_64 | 0.9.4.4 | 28.00 | 180.00 | 208.00 | NOTE | |
r-patched-linux-x86_64 | 0.9.4.4 | 17.80 | 149.56 | 167.36 | NOTE | |
r-release-linux-x86_64 | 0.9.4.4 | 16.65 | 151.15 | 167.80 | NOTE | |
r-release-macos-arm64 | 0.9.4.4 | 61.00 | NOTE | |||
r-release-macos-x86_64 | 0.9.4.4 | 113.00 | NOTE | |||
r-release-windows-x86_64 | 0.9.4.4 | 33.00 | 202.00 | 235.00 | NOTE | |
r-oldrel-macos-arm64 | 0.9.4.4 | 92.00 | NOTE | |||
r-oldrel-macos-x86_64 | 0.9.4.4 | 110.00 | NOTE | |||
r-oldrel-windows-ix86+x86_64 | 0.9.4.4 | 40.00 | 177.00 | 217.00 | OK |
Version: 0.9.4.4
Check: package dependencies
Result: NOTE
Packages suggested but not available for checking:
'extraTrees', 'foba', 'nodeHarvest', 'obliqueRF', 'relaxo', 'rrlda'
Flavors: r-devel-linux-x86_64-debian-clang, r-devel-linux-x86_64-debian-gcc, r-devel-linux-x86_64-fedora-clang, r-devel-linux-x86_64-fedora-gcc, r-patched-linux-x86_64, r-release-linux-x86_64
Version: 0.9.4.4
Check: package dependencies
Result: NOTE
Packages suggested but not available for checking: 'foba', 'rrlda'
Flavors: r-devel-windows-x86_64, r-release-macos-arm64, r-release-windows-x86_64
Version: 0.9.4.4
Check: package dependencies
Result: NOTE
Packages suggested but not available for checking:
'extraTrees', 'foba', 'rrlda', 'RWeka'
Flavor: r-release-macos-x86_64
Version: 0.9.4.4
Check: package dependencies
Result: NOTE
Package suggested but not available for checking: ‘foba’
Flavors: r-oldrel-macos-arm64, r-oldrel-macos-x86_64