CRAN Package Check Results for Package fs

Last updated on 2024-06-15 10:49:11 CEST.

Flavor Version Tinstall Tcheck Ttotal Status Flags
r-devel-linux-x86_64-debian-clang 1.6.4 50.97 74.30 125.27 NOTE
r-devel-linux-x86_64-debian-gcc 1.6.4 32.30 54.32 86.62 NOTE
r-devel-linux-x86_64-fedora-clang 1.6.4 174.16 NOTE
r-devel-linux-x86_64-fedora-gcc 1.6.4 180.17 NOTE
r-devel-windows-x86_64 1.6.4 89.00 77.00 166.00 NOTE
r-patched-linux-x86_64 1.6.4 42.12 73.11 115.23 NOTE
r-release-linux-x86_64 1.6.4 44.01 72.87 116.88 NOTE
r-release-macos-arm64 1.6.4 103.00 NOTE
r-release-macos-x86_64 1.6.4 107.00 NOTE
r-release-windows-x86_64 1.6.4 88.00 86.00 174.00 NOTE
r-oldrel-macos-arm64 1.6.4 111.00 NOTE
r-oldrel-macos-x86_64 1.6.4 211.00 NOTE
r-oldrel-windows-x86_64 1.6.4 89.00 89.00 178.00 NOTE

Check Details

Version: 1.6.4
Check: for GNU extensions in Makefiles
Result: NOTE GNU make is a SystemRequirements. Flavors: r-devel-linux-x86_64-debian-clang, r-devel-linux-x86_64-debian-gcc, r-devel-linux-x86_64-fedora-clang, r-devel-linux-x86_64-fedora-gcc, r-devel-windows-x86_64, r-patched-linux-x86_64, r-release-linux-x86_64, r-release-macos-arm64, r-release-macos-x86_64, r-release-windows-x86_64, r-oldrel-macos-arm64, r-oldrel-macos-x86_64, r-oldrel-windows-x86_64