CRAN Package Check Results for Package frmqa

Last updated on 2018-08-17 18:46:54 CEST.

Flavor Version Tinstall Tcheck Ttotal Status Flags
r-devel-linux-x86_64-debian-clang 0.1-5 3.27 37.20 40.47 NOTE
r-devel-linux-x86_64-debian-gcc 0.1-5 2.00 29.99 31.99 NOTE
r-devel-linux-x86_64-fedora-clang 0.1-5 48.80 NOTE
r-devel-linux-x86_64-fedora-gcc 0.1-5 45.47 NOTE
r-devel-windows-ix86+x86_64 0.1-5 8.00 61.00 69.00 NOTE
r-patched-linux-x86_64 0.1-5 2.93 31.05 33.98 NOTE
r-patched-solaris-x86 0.1-5 60.30 NOTE
r-release-linux-x86_64 0.1-5 2.36 31.20 33.56 NOTE
r-release-windows-ix86+x86_64 0.1-5 7.00 58.00 65.00 NOTE
r-release-osx-x86_64 0.1-5 NOTE
r-oldrel-windows-ix86+x86_64 0.1-5 6.00 59.00 65.00 NOTE
r-oldrel-osx-x86_64 0.1-5 NOTE

Check Details

Version: 0.1-5
Check: dependencies in R code
Result: NOTE
    Packages in Depends field not imported from:
     ‘Rmpfr’ ‘partitions’
     These packages need to be imported from (in the NAMESPACE file)
     for when this namespace is loaded but not attached.
Flavors: r-devel-linux-x86_64-debian-clang, r-devel-linux-x86_64-debian-gcc, r-devel-linux-x86_64-fedora-clang, r-devel-linux-x86_64-fedora-gcc, r-devel-windows-ix86+x86_64, r-patched-linux-x86_64, r-patched-solaris-x86, r-release-linux-x86_64, r-release-windows-ix86+x86_64, r-release-osx-x86_64, r-oldrel-windows-ix86+x86_64, r-oldrel-osx-x86_64

Version: 0.1-5
Check: R code for possible problems
Result: NOTE
    Bell : nways: no visible global function definition for ‘setparts’
    Bell: no visible global function definition for ‘restrictedparts’
    CalIncLapInt : Deriv: no visible global function definition for ‘D’
    CalIncLapInt: no visible global function definition for ‘is.whole’
    CalIncLapInt: no visible global function definition for ‘mpfr’
    CalIncLapInt: no visible global function definition for ‘chooseMpfr’
    derivErfc : Deriv: no visible global function definition for ‘D’
    derivErfc : Erfc: no visible global function definition for ‘pnorm’
    Undefined global functions or variables:
     D chooseMpfr is.whole mpfr pnorm restrictedparts setparts
    Consider adding
     importFrom("stats", "D", "pnorm")
    to your NAMESPACE file.
Flavors: r-devel-linux-x86_64-debian-clang, r-devel-linux-x86_64-debian-gcc, r-devel-linux-x86_64-fedora-clang, r-devel-linux-x86_64-fedora-gcc, r-devel-windows-ix86+x86_64, r-patched-linux-x86_64, r-patched-solaris-x86, r-release-linux-x86_64, r-release-windows-ix86+x86_64, r-release-osx-x86_64, r-oldrel-windows-ix86+x86_64, r-oldrel-osx-x86_64