CRAN Package Check Results for Package frmqa

Last updated on 2018-04-20 11:50:00 CEST.

Flavor Version Tinstall Tcheck Ttotal Status Flags
r-devel-linux-x86_64-debian-clang 0.1-5 2.43 30.99 33.42 NOTE
r-devel-linux-x86_64-debian-gcc 0.1-5 2.47 24.77 27.24 NOTE
r-devel-linux-x86_64-fedora-clang 0.1-5 40.67 NOTE
r-devel-linux-x86_64-fedora-gcc 0.1-5 39.50 NOTE
r-devel-windows-ix86+x86_64 0.1-5 7.00 55.00 62.00 NOTE
r-devel-osx-x86_64 0.1-5 NOTE
r-patched-linux-x86_64 0.1-5 3.30 30.59 33.89 NOTE
r-patched-solaris-x86 0.1-5 58.60 NOTE
r-release-linux-x86_64 0.1-5 2.07 31.24 33.31 NOTE
r-release-windows-ix86+x86_64 0.1-5 6.00 63.00 69.00 NOTE
r-release-osx-x86_64 0.1-5 NOTE
r-oldrel-windows-ix86+x86_64 0.1-5 6.00 53.00 59.00 NOTE

Check Details

Version: 0.1-5
Check: dependencies in R code
Result: NOTE
    Packages in Depends field not imported from:
     ‘Rmpfr’ ‘partitions’
     These packages need to be imported from (in the NAMESPACE file)
     for when this namespace is loaded but not attached.
Flavors: r-devel-linux-x86_64-debian-clang, r-devel-linux-x86_64-debian-gcc, r-devel-linux-x86_64-fedora-clang, r-devel-linux-x86_64-fedora-gcc, r-devel-windows-ix86+x86_64, r-devel-osx-x86_64, r-patched-linux-x86_64, r-patched-solaris-x86, r-release-linux-x86_64, r-release-windows-ix86+x86_64, r-release-osx-x86_64, r-oldrel-windows-ix86+x86_64

Version: 0.1-5
Check: R code for possible problems
Result: NOTE
    Bell : nways: no visible global function definition for ‘setparts’
    Bell: no visible global function definition for ‘restrictedparts’
    CalIncLapInt : Deriv: no visible global function definition for ‘D’
    CalIncLapInt: no visible global function definition for ‘is.whole’
    CalIncLapInt: no visible global function definition for ‘mpfr’
    CalIncLapInt: no visible global function definition for ‘chooseMpfr’
    derivErfc : Deriv: no visible global function definition for ‘D’
    derivErfc : Erfc: no visible global function definition for ‘pnorm’
    Undefined global functions or variables:
     D chooseMpfr is.whole mpfr pnorm restrictedparts setparts
    Consider adding
     importFrom("stats", "D", "pnorm")
    to your NAMESPACE file.
Flavors: r-devel-linux-x86_64-debian-clang, r-devel-linux-x86_64-debian-gcc, r-devel-linux-x86_64-fedora-clang, r-devel-linux-x86_64-fedora-gcc, r-devel-windows-ix86+x86_64, r-devel-osx-x86_64, r-patched-linux-x86_64, r-patched-solaris-x86, r-release-linux-x86_64, r-release-windows-ix86+x86_64, r-release-osx-x86_64, r-oldrel-windows-ix86+x86_64