CRAN Package Check Results for Package forestmodel

Last updated on 2023-02-08 02:57:11 CET.

Flavor Version Tinstall Tcheck Ttotal Status Flags
r-devel-linux-x86_64-debian-clang 0.6.2 5.87 60.81 66.68 NOTE
r-devel-linux-x86_64-debian-gcc 0.6.2 5.56 45.03 50.59 NOTE
r-devel-linux-x86_64-fedora-clang 0.6.2 86.59 NOTE
r-devel-linux-x86_64-fedora-gcc 0.6.2 78.88 NOTE
r-devel-windows-x86_64 0.6.2 15.00 88.00 103.00 NOTE
r-patched-linux-x86_64 0.6.2 4.61 57.71 62.32 NOTE
r-release-linux-x86_64 0.6.2 4.60 59.26 63.86 NOTE
r-release-macos-arm64 0.6.2 24.00 NOTE
r-release-macos-x86_64 0.6.2 51.00 NOTE
r-release-windows-x86_64 0.6.2 20.00 95.00 115.00 NOTE
r-oldrel-macos-arm64 0.6.2 32.00 NOTE
r-oldrel-macos-x86_64 0.6.2 46.00 NOTE
r-oldrel-windows-ix86+x86_64 0.6.2 58.00 83.00 141.00 NOTE

Check Details

Version: 0.6.2
Check: LazyData
Result: NOTE
     'LazyData' is specified without a 'data' directory
Flavors: r-devel-linux-x86_64-debian-clang, r-devel-linux-x86_64-debian-gcc, r-devel-linux-x86_64-fedora-clang, r-devel-linux-x86_64-fedora-gcc, r-devel-windows-x86_64, r-patched-linux-x86_64, r-release-linux-x86_64, r-release-macos-arm64, r-release-macos-x86_64, r-release-windows-x86_64, r-oldrel-macos-arm64, r-oldrel-macos-x86_64, r-oldrel-windows-ix86+x86_64