CRAN Package Check Results for Package footBayes

Last updated on 2022-10-02 02:49:10 CEST.

Flavor Version Tinstall Tcheck Ttotal Status Flags
r-devel-linux-x86_64-debian-clang 0.1.0 23.61 182.82 206.43 OK
r-devel-linux-x86_64-debian-gcc 0.1.0 15.20 136.12 151.32 OK
r-devel-linux-x86_64-fedora-clang 0.1.0 272.04 NOTE
r-devel-linux-x86_64-fedora-gcc 0.1.0 258.72 NOTE
r-devel-windows-x86_64 0.1.0 30.00 200.00 230.00 OK
r-patched-linux-x86_64 0.1.0 19.17 173.17 192.34 OK
r-release-linux-x86_64 0.1.0 21.23 170.71 191.94 OK
r-release-macos-arm64 0.1.0 66.00 NOTE
r-release-macos-x86_64 0.1.0 112.00 NOTE
r-release-windows-x86_64 0.1.0 510.00 205.00 715.00 OK
r-oldrel-macos-arm64 0.1.0 56.00 NOTE
r-oldrel-macos-x86_64 0.1.0 84.00 NOTE
r-oldrel-windows-ix86+x86_64 0.1.0 48.00 193.00 241.00 OK

Check Details

Version: 0.1.0
Check: dependencies in R code
Result: NOTE
    Namespace in Imports field not imported from: ‘tidyverse’
     All declared Imports should be used.
Flavors: r-devel-linux-x86_64-fedora-clang, r-devel-linux-x86_64-fedora-gcc, r-release-macos-arm64, r-release-macos-x86_64, r-oldrel-macos-arm64, r-oldrel-macos-x86_64