CRAN Package Check Results for Package fivethirtyeight

Last updated on 2024-04-18 03:51:55 CEST.

Flavor Version Tinstall Tcheck Ttotal Status Flags
r-devel-linux-x86_64-debian-clang 0.6.2 8.78 75.32 84.10 NOTE
r-devel-linux-x86_64-debian-gcc 0.6.2 6.26 57.92 64.18 NOTE
r-devel-linux-x86_64-fedora-clang 0.6.2 105.42 NOTE
r-devel-linux-x86_64-fedora-gcc 0.6.2 114.81 NOTE
r-prerel-macos-arm64 0.6.2 47.00 NOTE
r-prerel-windows-x86_64 0.6.2 11.00 102.00 113.00 NOTE
r-patched-linux-x86_64 0.6.2 11.28 72.60 83.88 NOTE
r-release-linux-x86_64 0.6.2 8.85 70.82 79.67 NOTE
r-release-macos-arm64 0.6.2 51.00 NOTE
r-release-macos-x86_64 0.6.2 71.00 NOTE
r-release-windows-x86_64 0.6.2 13.00 114.00 127.00 NOTE
r-oldrel-macos-arm64 0.6.2 41.00 NOTE
r-oldrel-windows-x86_64 0.6.2 17.00 100.00 117.00 NOTE

Check Details

Version: 0.6.2
Check: package dependencies
Result: NOTE Package suggested but not available for checking: ‘fivethirtyeightdata’ Flavors: r-devel-linux-x86_64-debian-clang, r-devel-linux-x86_64-debian-gcc, r-devel-linux-x86_64-fedora-clang, r-devel-linux-x86_64-fedora-gcc, r-prerel-macos-arm64, r-prerel-windows-x86_64, r-patched-linux-x86_64, r-release-linux-x86_64, r-release-macos-arm64, r-release-macos-x86_64, r-release-windows-x86_64, r-oldrel-macos-arm64, r-oldrel-windows-x86_64

Version: 0.6.2
Check: Rd files
Result: NOTE checkRd: (-1) food_world_cup.Rd:70: Lost braces in \itemize; meant \describe ? checkRd: (-1) food_world_cup.Rd:71: Lost braces in \itemize; meant \describe ? checkRd: (-1) food_world_cup.Rd:72: Lost braces in \itemize; meant \describe ? checkRd: (-1) food_world_cup.Rd:73: Lost braces in \itemize; meant \describe ? checkRd: (-1) food_world_cup.Rd:74: Lost braces in \itemize; meant \describe ? checkRd: (-1) food_world_cup.Rd:75: Lost braces in \itemize; meant \describe ? Flavors: r-devel-linux-x86_64-debian-clang, r-devel-linux-x86_64-debian-gcc, r-devel-linux-x86_64-fedora-clang, r-devel-linux-x86_64-fedora-gcc, r-prerel-macos-arm64, r-prerel-windows-x86_64, r-patched-linux-x86_64

Version: 0.6.2
Check: Rd cross-references
Result: NOTE Package unavailable to check Rd xrefs: ‘fivethirtyeightdata’ Flavors: r-devel-linux-x86_64-debian-clang, r-devel-linux-x86_64-debian-gcc, r-devel-linux-x86_64-fedora-clang, r-devel-linux-x86_64-fedora-gcc, r-prerel-macos-arm64, r-prerel-windows-x86_64, r-patched-linux-x86_64, r-release-linux-x86_64, r-release-macos-arm64, r-release-macos-x86_64, r-release-windows-x86_64, r-oldrel-macos-arm64, r-oldrel-windows-x86_64

Version: 0.6.2
Check: data for non-ASCII characters
Result: NOTE Note: found 584 marked UTF-8 strings Flavors: r-devel-linux-x86_64-fedora-clang, r-devel-linux-x86_64-fedora-gcc

Version: 0.6.2
Check: installed package size
Result: NOTE installed size is 5.0Mb sub-directories of 1Mb or more: data 3.8Mb Flavors: r-release-windows-x86_64, r-oldrel-windows-x86_64