CRAN Package Check Results for Package fgeo.tool

Last updated on 2025-01-17 19:48:23 CET.

Flavor Version Tinstall Tcheck Ttotal Status Flags
r-devel-linux-x86_64-debian-clang 1.2.9 5.20 50.97 56.17 NOTE
r-devel-linux-x86_64-debian-gcc 1.2.9 3.85 37.19 41.04 NOTE
r-devel-linux-x86_64-fedora-clang 1.2.9 91.00 OK
r-devel-linux-x86_64-fedora-gcc 1.2.9 84.95 OK
r-devel-windows-x86_64 1.2.9 9.00 73.00 82.00 NOTE
r-patched-linux-x86_64 1.2.9 11.30 47.56 58.86 OK
r-release-linux-x86_64 1.2.9 5.22 47.52 52.74 OK
r-release-macos-arm64 1.2.9 26.00 OK
r-release-macos-x86_64 1.2.9 41.00 OK
r-release-windows-x86_64 1.2.9 7.00 70.00 77.00 OK
r-oldrel-macos-arm64 1.2.9 38.00 OK
r-oldrel-macos-x86_64 1.2.9 55.00 OK
r-oldrel-windows-x86_64 1.2.9 9.00 83.00 92.00 OK

Check Details

Version: 1.2.9
Check: Rd cross-references
Result: NOTE Found the following Rd file(s) with Rd \link{} targets missing package anchors: type_vft.Rd: read_delim Please provide package anchors for all Rd \link{} targets not in the package itself and the base packages. Flavors: r-devel-linux-x86_64-debian-clang, r-devel-linux-x86_64-debian-gcc, r-devel-windows-x86_64