CRAN Package Check Results for Package fgeo.analyze

Last updated on 2025-01-20 18:49:38 CET.

Flavor Version Tinstall Tcheck Ttotal Status Flags
r-devel-linux-x86_64-debian-clang 1.1.14 5.77 88.79 94.56 NOTE
r-devel-linux-x86_64-debian-gcc 1.1.14 4.23 58.76 62.99 NOTE
r-devel-linux-x86_64-fedora-clang 1.1.14 154.40 OK
r-devel-linux-x86_64-fedora-gcc 1.1.14 143.95 OK
r-devel-windows-x86_64 1.1.14 7.00 108.00 115.00 NOTE
r-patched-linux-x86_64 1.1.14 11.27 81.85 93.12 NOTE
r-release-linux-x86_64 1.1.14 5.01 82.66 87.67 NOTE
r-release-macos-arm64 1.1.14 46.00 NOTE
r-release-macos-x86_64 1.1.14 62.00 NOTE
r-release-windows-x86_64 1.1.14 7.00 104.00 111.00 NOTE
r-oldrel-macos-arm64 1.1.14 44.00 NOTE
r-oldrel-macos-x86_64 1.1.14 71.00 NOTE
r-oldrel-windows-x86_64 1.1.14 9.00 120.00 129.00 NOTE

Check Details

Version: 1.1.14
Check: Rd cross-references
Result: NOTE Found the following Rd file(s) with Rd \link{} targets missing package anchors: abundance.Rd: group_by Please provide package anchors for all Rd \link{} targets not in the package itself and the base packages. Flavors: r-devel-linux-x86_64-debian-clang, r-devel-linux-x86_64-debian-gcc, r-devel-windows-x86_64

Version: 1.1.14
Check: LazyData
Result: NOTE 'LazyData' is specified without a 'data' directory Flavors: r-patched-linux-x86_64, r-release-linux-x86_64, r-release-macos-arm64, r-release-macos-x86_64, r-release-windows-x86_64, r-oldrel-macos-arm64, r-oldrel-macos-x86_64, r-oldrel-windows-x86_64