Last updated on 2023-02-05 02:50:34 CET.
Flavor | Version | Tinstall | Tcheck | Ttotal | Status | Flags |
---|---|---|---|---|---|---|
r-devel-linux-x86_64-debian-clang | 1.4 | 14.23 | 110.90 | 125.13 | OK | |
r-devel-linux-x86_64-debian-gcc | 1.4 | 10.47 | 81.94 | 92.41 | OK | |
r-devel-linux-x86_64-fedora-clang | 1.4 | 151.80 | OK | |||
r-devel-linux-x86_64-fedora-gcc | 1.4 | 147.38 | OK | |||
r-devel-windows-x86_64 | 1.4 | 38.00 | 129.00 | 167.00 | OK | |
r-patched-linux-x86_64 | 1.4 | 12.51 | 105.82 | 118.33 | OK | |
r-release-linux-x86_64 | 1.4 | 14.97 | 110.04 | 125.01 | OK | |
r-release-macos-arm64 | 1.4 | 45.00 | OK | |||
r-release-macos-x86_64 | 1.4 | 65.00 | OK | |||
r-release-windows-x86_64 | 1.4 | 21.00 | 140.00 | 161.00 | OK | |
r-oldrel-macos-arm64 | 1.4 | 62.00 | OK | |||
r-oldrel-macos-x86_64 | 1.4 | 78.00 | OK | |||
r-oldrel-windows-ix86+x86_64 | 1.4 | 27.00 | 18.00 | 45.00 | ERROR |
Version: 1.4
Check: whether package can be installed
Result: ERROR
Installation failed.
Flavor: r-oldrel-windows-ix86+x86_64