CRAN Package Check Results for Package fdatest

Last updated on 2024-07-15 02:48:11 CEST.

Flavor Version Tinstall Tcheck Ttotal Status Flags
r-devel-linux-x86_64-debian-clang 2.1.1 12.44 142.95 155.39 NOTE
r-devel-linux-x86_64-debian-gcc 2.1.1 10.71 103.13 113.84 NOTE
r-devel-linux-x86_64-fedora-clang 2.1.1 199.69 NOTE
r-devel-linux-x86_64-fedora-gcc 2.1.1 181.75 NOTE
r-devel-windows-x86_64 2.1.1 12.00 136.00 148.00 NOTE
r-patched-linux-x86_64 2.1.1 8.31 132.83 141.14 NOTE
r-release-linux-x86_64 2.1.1 11.11 137.27 148.38 NOTE
r-release-macos-arm64 2.1.1 53.00 NOTE
r-release-macos-x86_64 2.1.1 94.00 NOTE
r-release-windows-x86_64 2.1.1 12.00 139.00 151.00 NOTE
r-oldrel-macos-arm64 2.1.1 59.00 OK
r-oldrel-macos-x86_64 2.1.1 100.00 OK
r-oldrel-windows-x86_64 2.1.1 15.00 147.00 162.00 OK

Check Details

Version: 2.1.1
Check: Rd files
Result: NOTE checkRd: (-1) NASAtemp.Rd:14: Lost braces in \itemize; meant \describe ? checkRd: (-1) NASAtemp.Rd:15: Lost braces in \itemize; meant \describe ? Flavors: r-devel-linux-x86_64-debian-clang, r-devel-linux-x86_64-debian-gcc, r-devel-linux-x86_64-fedora-clang, r-devel-linux-x86_64-fedora-gcc, r-devel-windows-x86_64, r-patched-linux-x86_64, r-release-linux-x86_64, r-release-macos-arm64, r-release-macos-x86_64, r-release-windows-x86_64