CRAN Package Check Results for Package facmodCS

Last updated on 2024-05-28 18:47:58 CEST.

Flavor Version Tinstall Tcheck Ttotal Status Flags
r-devel-linux-x86_64-debian-clang 1.0 12.98 75.11 88.09 NOTE
r-devel-linux-x86_64-debian-gcc 1.0 14.34 54.64 68.98 NOTE
r-devel-linux-x86_64-fedora-clang 1.0 122.08 NOTE
r-devel-linux-x86_64-fedora-gcc 1.0 106.30 NOTE
r-devel-windows-x86_64 1.0 15.00 75.00 90.00 NOTE
r-patched-linux-x86_64 1.0 16.24 71.16 87.40 NOTE
r-release-linux-x86_64 1.0 17.18 70.77 87.95 NOTE
r-release-macos-arm64 1.0 33.00 NOTE
r-release-windows-x86_64 1.0 15.00 75.00 90.00 NOTE
r-oldrel-macos-arm64 1.0 31.00 OK
r-oldrel-macos-x86_64 1.0 93.00 OK
r-oldrel-windows-x86_64 1.0 18.00 88.00 106.00 OK

Check Details

Version: 1.0
Check: Rd files
Result: NOTE checkRd: (-1) fmCov.Rd:37: Lost braces; missing escapes or markup? 37 | where, \code{alpha(i)} is the intercept, \code{f(t)} is a {K x 1} vector of | ^ checkRd: (-1) plot.ffm.Rd:82: Lost braces; missing escapes or markup? 82 | \item{las}{one of {0, 1, 2, 3} to set the direction of axis labels, same as | ^ checkRd: (-1) summary.ffm.Rd:39: Lost braces; missing escapes or markup? 39 | Returned object is of class {summary.ffm}. | ^ Flavors: r-devel-linux-x86_64-debian-clang, r-devel-linux-x86_64-debian-gcc, r-devel-linux-x86_64-fedora-clang, r-devel-linux-x86_64-fedora-gcc, r-devel-windows-x86_64, r-patched-linux-x86_64, r-release-linux-x86_64, r-release-macos-arm64, r-release-windows-x86_64

Version: 1.0
Check: Rd cross-references
Result: NOTE Undeclared package ‘strucchange’ in Rd xrefs Flavor: r-devel-linux-x86_64-fedora-clang