CRAN Package Check Results for Package fabCI

Last updated on 2024-04-12 18:57:13 CEST.

Flavor Version Tinstall Tcheck Ttotal Status Flags
r-devel-linux-x86_64-debian-clang 0.2 2.31 35.24 37.55 NOTE
r-devel-linux-x86_64-debian-gcc 0.2 2.00 25.44 27.44 NOTE
r-devel-linux-x86_64-fedora-clang 0.2 46.39 NOTE
r-devel-linux-x86_64-fedora-gcc 0.2 44.32 NOTE
r-devel-windows-x86_64 0.2 3.00 48.00 51.00 NOTE
r-patched-linux-x86_64 0.2 2.46 33.65 36.11 NOTE
r-release-linux-x86_64 0.2 2.02 32.64 34.66 NOTE
r-release-macos-arm64 0.2 17.00 NOTE
r-release-macos-x86_64 0.2 25.00 NOTE
r-release-windows-x86_64 0.2 3.00 49.00 52.00 NOTE
r-oldrel-macos-arm64 0.2 22.00 OK
r-oldrel-windows-x86_64 0.2 4.00 51.00 55.00 OK

Check Details

Version: 0.2
Check: package subdirectories
Result: NOTE Problems with news in ‘NEWS.md’: No news entries found. Flavors: r-devel-linux-x86_64-debian-clang, r-devel-linux-x86_64-debian-gcc, r-devel-linux-x86_64-fedora-clang, r-devel-linux-x86_64-fedora-gcc, r-devel-windows-x86_64, r-patched-linux-x86_64, r-release-linux-x86_64, r-release-macos-arm64, r-release-macos-x86_64, r-release-windows-x86_64