CRAN Package Check Results for Package ezCutoffs

Last updated on 2023-01-29 18:53:07 CET.

Flavor Version Tinstall Tcheck Ttotal Status Flags
r-devel-linux-x86_64-debian-clang 1.0.1 5.81 67.60 73.41 NOTE
r-devel-linux-x86_64-debian-gcc 1.0.1 4.68 50.09 54.77 NOTE
r-devel-linux-x86_64-fedora-clang 1.0.1 89.07 NOTE
r-devel-linux-x86_64-fedora-gcc 1.0.1 87.51 NOTE
r-devel-windows-x86_64 1.0.1 21.00 107.00 128.00 NOTE
r-patched-linux-x86_64 1.0.1 5.25 64.27 69.52 NOTE
r-release-linux-x86_64 1.0.1 5.43 64.98 70.41 NOTE
r-release-macos-arm64 1.0.1 27.00 NOTE
r-release-macos-x86_64 1.0.1 52.00 NOTE
r-release-windows-x86_64 1.0.1 18.00 91.00 109.00 NOTE
r-oldrel-macos-arm64 1.0.1 33.00 NOTE
r-oldrel-macos-x86_64 1.0.1 51.00 NOTE
r-oldrel-windows-ix86+x86_64 1.0.1 17.00 88.00 105.00 NOTE

Additional issues

donttest

Check Details

Version: 1.0.1
Check: LazyData
Result: NOTE
     'LazyData' is specified without a 'data' directory
Flavors: r-devel-linux-x86_64-debian-clang, r-devel-linux-x86_64-debian-gcc, r-devel-linux-x86_64-fedora-clang, r-devel-linux-x86_64-fedora-gcc, r-devel-windows-x86_64, r-patched-linux-x86_64, r-release-linux-x86_64, r-release-macos-arm64, r-release-macos-x86_64, r-release-windows-x86_64, r-oldrel-macos-arm64, r-oldrel-macos-x86_64, r-oldrel-windows-ix86+x86_64