CRAN Package Check Results for Package explainer

Last updated on 2024-07-21 10:55:21 CEST.

Flavor Version Tinstall Tcheck Ttotal Status Flags
r-devel-linux-x86_64-debian-clang 1.0.1 9.52 91.55 101.07 OK
r-devel-linux-x86_64-debian-gcc 1.0.1 6.73 65.29 72.02 OK
r-devel-linux-x86_64-fedora-clang 1.0.1 133.47 NOTE
r-devel-linux-x86_64-fedora-gcc 1.0.1 128.97 NOTE
r-devel-windows-x86_64 1.0.1 10.00 84.00 94.00 OK
r-patched-linux-x86_64 1.0.1 9.39 84.11 93.50 OK
r-release-linux-x86_64 1.0.1 8.92 86.19 95.11 OK
r-release-macos-arm64 1.0.1 35.00 OK
r-release-macos-x86_64 1.0.1 52.00 OK
r-release-windows-x86_64 1.0.1 10.00 84.00 94.00 OK
r-oldrel-macos-arm64 1.0.1 38.00 OK
r-oldrel-macos-x86_64 1.0.1 68.00 OK
r-oldrel-windows-x86_64 1.0.1 12.00 104.00 116.00 OK

Check Details

Version: 1.0.1
Check: dependencies in R code
Result: NOTE Namespace in Imports field not imported from: ‘ggpmisc’ All declared Imports should be used. Flavors: r-devel-linux-x86_64-fedora-clang, r-devel-linux-x86_64-fedora-gcc