Last updated on 2023-12-10 03:59:54 CET.
Flavor | Version | Tinstall | Tcheck | Ttotal | Status | Flags |
---|---|---|---|---|---|---|
r-devel-linux-x86_64-debian-clang | 0.6.1 | 4.03 | 49.30 | 53.33 | OK | |
r-devel-linux-x86_64-debian-gcc | 0.6.1 | 2.99 | 37.69 | 40.68 | OK | |
r-devel-linux-x86_64-fedora-clang | 0.6.1 | 66.71 | NOTE | |||
r-devel-linux-x86_64-fedora-gcc | 0.6.1 | 75.31 | OK | |||
r-devel-windows-x86_64 | 0.6.1 | 5.00 | 65.00 | 70.00 | OK | |
r-patched-linux-x86_64 | 0.6.1 | 4.58 | 47.73 | 52.31 | OK | |
r-release-linux-x86_64 | 0.6.1 | 4.55 | 47.54 | 52.09 | OK | |
r-release-macos-arm64 | 0.6.1 | 30.00 | OK | |||
r-release-macos-x86_64 | 0.6.1 | 48.00 | NOTE | |||
r-release-windows-x86_64 | 0.6.1 | 6.00 | 68.00 | 74.00 | OK | |
r-oldrel-macos-arm64 | 0.6.1 | 24.00 | OK | |||
r-oldrel-macos-x86_64 | 0.6.1 | 35.00 | OK | |||
r-oldrel-windows-x86_64 | 0.6.1 | 6.00 | 76.00 | 82.00 | OK |
Version: 0.6.1
Check: Rd cross-references
Result: NOTE
Undeclared package ‘OpenMx’ in Rd xrefs
Flavor: r-devel-linux-x86_64-fedora-clang
Version: 0.6.1
Check: package dependencies
Result: NOTE
Package suggested but not available for checking: ‘semTools’
Flavor: r-release-macos-x86_64
Version: 0.6.1
Check: Rd cross-references
Result: NOTE
Packages unavailable to check Rd xrefs: ‘OpenMx’, ‘semTools’
Flavor: r-release-macos-x86_64