Last updated on 2025-01-25 02:50:51 CET.
Flavor | Version | Tinstall | Tcheck | Ttotal | Status | Flags |
---|---|---|---|---|---|---|
r-devel-linux-x86_64-debian-clang | 0.1-0 | 5.79 | 55.44 | 61.23 | NOTE | |
r-devel-linux-x86_64-debian-gcc | 0.1-0 | 4.71 | 38.41 | 43.12 | NOTE | |
r-devel-linux-x86_64-fedora-clang | 0.1-0 | 99.76 | OK | |||
r-devel-linux-x86_64-fedora-gcc | 0.1-0 | 97.03 | NOTE | |||
r-devel-windows-x86_64 | 0.1-0 | 8.00 | 72.00 | 80.00 | OK | |
r-patched-linux-x86_64 | 0.1-0 | 5.79 | 51.30 | 57.09 | OK | |
r-release-linux-x86_64 | 0.1-0 | 5.89 | 51.22 | 57.11 | OK | |
r-release-macos-arm64 | 0.1-0 | 31.00 | OK | |||
r-release-macos-x86_64 | 0.1-0 | 84.00 | OK | |||
r-release-windows-x86_64 | 0.1-0 | 8.00 | 69.00 | 77.00 | OK | |
r-oldrel-macos-arm64 | 0.1-0 | 39.00 | OK | |||
r-oldrel-macos-x86_64 | 0.1-0 | 62.00 | OK | |||
r-oldrel-windows-x86_64 | 0.1-0 | 10.00 | 79.00 | 89.00 | OK |
Version: 0.1-0
Check: DESCRIPTION meta-information
Result: NOTE
Missing dependency on R >= 4.1.0 because package code uses the pipe
|> or function shorthand \(...) syntax added in R 4.1.0.
File(s) using such syntax:
‘app.R’ ‘functions-server.R’ ‘functions-ui.R’
Flavors: r-devel-linux-x86_64-debian-clang, r-devel-linux-x86_64-debian-gcc, r-devel-linux-x86_64-fedora-gcc