Last updated on 2023-02-05 11:10:31 CET.
Flavor | Version | Tinstall | Tcheck | Ttotal | Status | Flags |
---|---|---|---|---|---|---|
r-devel-linux-x86_64-debian-clang | 0.0.13 | 1193.59 | 53.91 | 1247.50 | OK | |
r-devel-linux-x86_64-debian-gcc | 0.0.13 | 841.70 | 41.81 | 883.51 | OK | |
r-devel-linux-x86_64-fedora-clang | 0.0.13 | 1893.33 | OK | |||
r-devel-linux-x86_64-fedora-gcc | 0.0.13 | 1529.18 | OK | |||
r-devel-windows-x86_64 | 0.0.13 | 910.00 | 126.00 | 1036.00 | OK | |
r-patched-linux-x86_64 | 0.0.13 | 880.88 | 51.16 | 932.04 | OK | |
r-release-linux-x86_64 | 0.0.13 | 886.57 | 52.26 | 938.83 | OK | |
r-release-macos-arm64 | 0.0.13 | 284.00 | NOTE | |||
r-release-macos-x86_64 | 0.0.13 | 383.00 | NOTE | |||
r-release-windows-x86_64 | 0.0.13 | 940.00 | 138.00 | 1078.00 | OK | |
r-oldrel-macos-arm64 | 0.0.13 | 270.00 | NOTE | |||
r-oldrel-macos-x86_64 | 0.0.13 | 366.00 | NOTE | |||
r-oldrel-windows-ix86+x86_64 | 0.0.13 | 2672.00 | 140.00 | 2812.00 | NOTE |
Version: 0.0.13
Check: installed package size
Result: NOTE
installed size is 19.8Mb
sub-directories of 1Mb or more:
data 2.0Mb
libs 17.6Mb
Flavors: r-release-macos-arm64, r-release-macos-x86_64, r-oldrel-macos-arm64, r-oldrel-macos-x86_64, r-oldrel-windows-ix86+x86_64