CRAN Package Check Results for Package eixport

Last updated on 2024-07-22 02:48:07 CEST.

Flavor Version Tinstall Tcheck Ttotal Status Flags
r-devel-linux-x86_64-debian-clang 0.6.0 41.47 388.89 430.36 OK
r-devel-linux-x86_64-debian-gcc 0.6.0 30.85 284.50 315.35 NOTE
r-devel-linux-x86_64-fedora-clang 0.6.0 531.08 OK
r-devel-linux-x86_64-fedora-gcc 0.6.0 486.48 OK
r-devel-windows-x86_64 0.6.0 30.00 250.00 280.00 NOTE
r-patched-linux-x86_64 0.6.0 40.97 364.38 405.35 OK
r-release-linux-x86_64 0.6.0 32.01 374.21 406.22 OK
r-release-macos-arm64 0.6.0 113.00 OK
r-release-macos-x86_64 0.6.0 195.00 OK
r-release-windows-x86_64 0.6.0 29.00 248.00 277.00 OK
r-oldrel-macos-arm64 0.6.0 214.00 OK
r-oldrel-macos-x86_64 0.6.0 312.00 OK
r-oldrel-windows-x86_64 0.6.0 39.00 337.00 376.00 OK

Check Details

Version: 0.6.0
Check: Rd cross-references
Result: NOTE Found the following Rd file(s) with Rd \link{} targets missing package anchors: to_as4wrf.Rd: sf Please provide package anchors for all Rd \link{} targets not in the package itself and the base packages. Flavors: r-devel-linux-x86_64-debian-gcc, r-devel-windows-x86_64