Last updated on 2025-01-17 19:48:22 CET.
Flavor | Version | Tinstall | Tcheck | Ttotal | Status | Flags |
---|---|---|---|---|---|---|
r-devel-linux-x86_64-debian-clang | 1.24.2 | 15.19 | 225.30 | 240.49 | NOTE | |
r-devel-linux-x86_64-debian-gcc | 1.24.2 | 9.56 | 152.61 | 162.17 | NOTE | |
r-devel-linux-x86_64-fedora-clang | 1.24.2 | 395.53 | OK | |||
r-devel-linux-x86_64-fedora-gcc | 1.24.2 | 397.86 | OK | |||
r-devel-windows-x86_64 | 1.24.2 | 17.00 | 200.00 | 217.00 | NOTE | |
r-patched-linux-x86_64 | 1.24.2 | 19.33 | 209.65 | 228.98 | OK | |
r-release-linux-x86_64 | 1.24.2 | 14.80 | 209.23 | 224.03 | OK | |
r-release-macos-arm64 | 1.24.2 | 105.00 | OK | |||
r-release-macos-x86_64 | 1.24.2 | 344.00 | OK | |||
r-release-windows-x86_64 | 1.24.2 | 17.00 | 198.00 | 215.00 | OK | |
r-oldrel-macos-arm64 | 1.24.2 | 105.00 | OK | |||
r-oldrel-macos-x86_64 | 1.24.2 | 212.00 | OK | |||
r-oldrel-windows-x86_64 | 1.24.2 | 21.00 | 252.00 | 273.00 | OK |
Version: 1.24.2
Check: Rd cross-references
Result: NOTE
Found the following Rd file(s) with Rd \link{} targets missing package
anchors:
as_tibble.egor.Rd: tbl_svy, as_tibble, as_survey
egor.Rd: as_tibble, tibble, tbl_svy
rowlist.Rd: tibble
Please provide package anchors for all Rd \link{} targets not in the
package itself and the base packages.
Flavors: r-devel-linux-x86_64-debian-clang, r-devel-linux-x86_64-debian-gcc, r-devel-windows-x86_64