CRAN Package Check Results for Package ediblecity

Last updated on 2024-07-18 10:51:07 CEST.

Flavor Version Tinstall Tcheck Ttotal Status Flags
r-devel-linux-x86_64-debian-clang 0.2.1 9.03 118.26 127.29 OK
r-devel-linux-x86_64-debian-gcc 0.2.1 7.64 87.66 95.30 OK
r-devel-linux-x86_64-fedora-clang 0.2.1 161.58 NOTE
r-devel-linux-x86_64-fedora-gcc 0.2.1 161.88 NOTE
r-devel-windows-x86_64 0.2.1 10.00 100.00 110.00 OK
r-patched-linux-x86_64 0.2.1 9.39 115.77 125.16 OK
r-release-linux-x86_64 0.2.1 6.88 114.75 121.63 OK
r-release-macos-arm64 0.2.1 52.00 OK
r-release-macos-x86_64 0.2.1 78.00 OK
r-release-windows-x86_64 0.2.1 10.00 99.00 109.00 OK
r-oldrel-macos-arm64 0.2.1 45.00 OK
r-oldrel-macos-x86_64 0.2.1 94.00 OK
r-oldrel-windows-x86_64 0.2.1 11.00 121.00 132.00 OK

Check Details

Version: 0.2.1
Check: data for non-ASCII characters
Result: NOTE Note: found 6 marked UTF-8 strings Flavors: r-devel-linux-x86_64-fedora-clang, r-devel-linux-x86_64-fedora-gcc