CRAN Package Check Results for Package easyr

Last updated on 2023-01-28 02:57:17 CET.

Flavor Version Tinstall Tcheck Ttotal Status Flags
r-devel-linux-x86_64-debian-clang 0.5-10 5.99 71.84 77.83 OK
r-devel-linux-x86_64-debian-gcc 0.5-10 5.14 52.83 57.97 OK
r-devel-linux-x86_64-fedora-clang 0.5-10 97.53 NOTE
r-devel-linux-x86_64-fedora-gcc 0.5-10 107.00 NOTE
r-devel-windows-x86_64 0.5-10 41.00 142.00 183.00 OK
r-patched-linux-x86_64 0.5-10 5.17 67.78 72.95 OK
r-release-linux-x86_64 0.5-10 4.07 67.79 71.86 OK
r-release-macos-arm64 0.5-10 37.00 NOTE
r-release-macos-x86_64 0.5-10 48.00 NOTE
r-release-windows-x86_64 0.5-10 60.00 135.00 195.00 OK
r-oldrel-macos-arm64 0.5-10 43.00 NOTE
r-oldrel-macos-x86_64 0.5-10 51.00 NOTE
r-oldrel-windows-ix86+x86_64 0.5-10 13.00 123.00 136.00 OK

Check Details

Version: 0.5-10
Check: dependencies in R code
Result: NOTE
    Namespace in Imports field not imported from: ‘rprojroot’
     All declared Imports should be used.
Flavors: r-devel-linux-x86_64-fedora-clang, r-devel-linux-x86_64-fedora-gcc, r-release-macos-arm64, r-release-macos-x86_64, r-oldrel-macos-arm64, r-oldrel-macos-x86_64