Last updated on 2023-02-08 02:57:09 CET.
Flavor | Version | Tinstall | Tcheck | Ttotal | Status | Flags |
---|---|---|---|---|---|---|
r-devel-linux-x86_64-debian-clang | 1.0.0 | 6.60 | 56.78 | 63.38 | OK | |
r-devel-linux-x86_64-debian-gcc | 1.0.0 | 5.17 | 41.91 | 47.08 | OK | |
r-devel-linux-x86_64-fedora-clang | 1.0.0 | 84.97 | NOTE | |||
r-devel-linux-x86_64-fedora-gcc | 1.0.0 | 75.09 | NOTE | |||
r-devel-windows-x86_64 | 1.0.0 | 31.00 | 81.00 | 112.00 | OK | |
r-patched-linux-x86_64 | 1.0.0 | 11.81 | 54.46 | 66.27 | OK | |
r-release-linux-x86_64 | 1.0.0 | 4.67 | 54.46 | 59.13 | OK | |
r-release-macos-arm64 | 1.0.0 | 27.00 | NOTE | |||
r-release-macos-x86_64 | 1.0.0 | 39.00 | NOTE | |||
r-release-windows-x86_64 | 1.0.0 | 43.00 | 92.00 | 135.00 | OK | |
r-oldrel-macos-arm64 | 1.0.0 | 28.00 | NOTE | |||
r-oldrel-macos-x86_64 | 1.0.0 | 42.00 | NOTE | |||
r-oldrel-windows-ix86+x86_64 | 1.0.0 | 15.00 | 96.00 | 111.00 | OK |
Version: 1.0.0
Check: data for non-ASCII characters
Result: NOTE
Note: found 10 marked UTF-8 strings
Flavors: r-devel-linux-x86_64-fedora-clang, r-devel-linux-x86_64-fedora-gcc, r-release-macos-arm64, r-release-macos-x86_64, r-oldrel-macos-arm64, r-oldrel-macos-x86_64