Last updated on 2025-01-20 10:54:10 CET.
Flavor | Version | Tinstall | Tcheck | Ttotal | Status | Flags |
---|---|---|---|---|---|---|
r-devel-linux-x86_64-debian-clang | 1.0.7 | 10.58 | 148.25 | 158.83 | NOTE | |
r-devel-linux-x86_64-debian-gcc | 1.0.7 | 7.34 | 99.03 | 106.37 | NOTE | |
r-devel-linux-x86_64-fedora-clang | 1.0.7 | 236.78 | OK | |||
r-devel-linux-x86_64-fedora-gcc | 1.0.7 | 228.25 | OK | |||
r-devel-windows-x86_64 | 1.0.7 | 13.00 | 135.00 | 148.00 | NOTE | |
r-patched-linux-x86_64 | 1.0.7 | 17.94 | 121.44 | 139.38 | OK | |
r-release-linux-x86_64 | 1.0.7 | 9.60 | 121.48 | 131.08 | OK | |
r-release-macos-arm64 | 1.0.7 | 66.00 | OK | |||
r-release-macos-x86_64 | 1.0.7 | 103.00 | OK | |||
r-release-windows-x86_64 | 1.0.7 | 12.00 | 127.00 | 139.00 | OK | |
r-oldrel-macos-arm64 | 1.0.7 | 70.00 | OK | |||
r-oldrel-macos-x86_64 | 1.0.7 | 118.00 | OK | |||
r-oldrel-windows-x86_64 | 1.0.7 | 14.00 | 163.00 | 177.00 | OK |
Version: 1.0.7
Check: Rd cross-references
Result: NOTE
Found the following Rd file(s) with Rd \link{} targets missing package
anchors:
EasyData.Rd: SSBtoolsData
PTwrap.Rd: runArgusBatchFile, createArgusInput
ProtectTable.Rd: GaussSuppression, protectTable,
protect_linked_tables, primarySuppression, FindDimLists,
FindTableGroup, Stack, AutoSplit, runArgusBatchFile,
createArgusInput
ProtectTable1.Rd: FindTableGroup, protectTable,
protect_linked_tables, runArgusBatchFile, primarySuppression,
makeProblem, HierarchicalGroups, FactorLevCorr, FindDimLists,
FindCommonCells
Please provide package anchors for all Rd \link{} targets not in the
package itself and the base packages.
Flavors: r-devel-linux-x86_64-debian-clang, r-devel-linux-x86_64-debian-gcc, r-devel-windows-x86_64