Last updated on 2025-01-25 02:50:51 CET.
Flavor | Version | Tinstall | Tcheck | Ttotal | Status | Flags |
---|---|---|---|---|---|---|
r-devel-linux-x86_64-debian-clang | 0.3 | 453.41 | 132.74 | 586.15 | NOTE | |
r-devel-linux-x86_64-debian-gcc | 0.3 | 440.28 | 123.73 | 564.01 | NOTE | |
r-devel-linux-x86_64-fedora-clang | 0.3 | 487.47 | OK | |||
r-devel-linux-x86_64-fedora-gcc | 0.3 | 1396.81 | NOTE | |||
r-devel-windows-x86_64 | 0.3 | 423.00 | 179.00 | 602.00 | OK | |
r-patched-linux-x86_64 | 0.3 | 554.62 | 169.65 | 724.27 | NOTE | |
r-release-linux-x86_64 | 0.3 | 563.14 | 166.95 | 730.09 | NOTE | |
r-release-macos-arm64 | 0.2 | 521.00 | NOTE | |||
r-release-macos-x86_64 | 0.3 | 272.00 | NOTE | |||
r-release-windows-x86_64 | 0.3 | 343.00 | 308.00 | 651.00 | NOTE | |
r-oldrel-macos-arm64 | 0.2 | 605.00 | NOTE | |||
r-oldrel-macos-x86_64 | 0.2 | 473.00 | NOTE | |||
r-oldrel-windows-x86_64 | 0.3 | 572.00 | 221.00 | 793.00 | NOTE |
Version: 0.3
Check: DESCRIPTION meta-information
Result: NOTE
Missing dependency on R >= 4.1.0 because package code uses the pipe
|> or function shorthand \(...) syntax added in R 4.1.0.
File(s) using such syntax:
‘detection_plot.R’ ‘joint_model.R’ ‘traditional_model.R’
Flavors: r-devel-linux-x86_64-debian-clang, r-devel-linux-x86_64-debian-gcc, r-devel-linux-x86_64-fedora-gcc
Version: 0.3
Check: for GNU extensions in Makefiles
Result: NOTE
GNU make is a SystemRequirements.
Flavors: r-patched-linux-x86_64, r-release-linux-x86_64, r-release-macos-x86_64, r-release-windows-x86_64, r-oldrel-windows-x86_64
Version: 0.2
Check: installed package size
Result: NOTE
installed size is 199.0Mb
sub-directories of 1Mb or more:
help 2.7Mb
libs 195.7Mb
Flavors: r-release-macos-arm64, r-oldrel-macos-arm64, r-oldrel-macos-x86_64
Version: 0.2
Check: for GNU extensions in Makefiles
Result: NOTE
GNU make is a SystemRequirements.
Flavors: r-release-macos-arm64, r-oldrel-macos-arm64, r-oldrel-macos-x86_64
Version: 0.3
Check: installed package size
Result: NOTE
installed size is 94.3Mb
sub-directories of 1Mb or more:
help 2.7Mb
libs 91.1Mb
Flavors: r-release-macos-x86_64, r-release-windows-x86_64, r-oldrel-windows-x86_64