Last updated on 2023-01-30 10:51:57 CET.
Flavor | Version | Tinstall | Tcheck | Ttotal | Status | Flags |
---|---|---|---|---|---|---|
r-devel-linux-x86_64-debian-clang | 0.2.8 | 61.10 | 559.52 | 620.62 | OK | |
r-devel-linux-x86_64-debian-gcc | 0.2.8 | 45.37 | 413.78 | 459.15 | OK | |
r-devel-linux-x86_64-fedora-clang | 0.2.8 | 761.01 | NOTE | |||
r-devel-linux-x86_64-fedora-gcc | 0.2.8 | 770.53 | OK | |||
r-devel-windows-x86_64 | 0.2.8 | 142.00 | 442.00 | 584.00 | NOTE | --no-vignettes |
r-patched-linux-x86_64 | 0.2.8 | 46.06 | 534.68 | 580.74 | OK | |
r-release-linux-x86_64 | 0.2.8 | 46.76 | 520.24 | 567.00 | OK | |
r-release-macos-arm64 | 0.2.8 | 183.00 | NOTE | |||
r-release-macos-x86_64 | 0.2.8 | 227.00 | NOTE | |||
r-release-windows-x86_64 | 0.2.8 | 109.00 | 433.00 | 542.00 | NOTE | --no-vignettes |
r-oldrel-macos-arm64 | 0.2.8 | 182.00 | NOTE | |||
r-oldrel-macos-x86_64 | 0.2.8 | 229.00 | NOTE | |||
r-oldrel-windows-ix86+x86_64 | 0.2.8 | 127.00 | 656.00 | 783.00 | NOTE | --no-vignettes |
Version: 0.2.8
Check: installed package size
Result: NOTE
installed size is 5.2Mb
sub-directories of 1Mb or more:
lucc_MT 3.1Mb
Flavors: r-devel-linux-x86_64-fedora-clang, r-release-macos-arm64, r-release-macos-x86_64, r-oldrel-macos-arm64, r-oldrel-macos-x86_64
Version: 0.2.8
Flags: --no-vignettes
Check: installed package size
Result: NOTE
installed size is 5.2Mb
sub-directories of 1Mb or more:
lucc_MT 3.0Mb
Flavors: r-devel-windows-x86_64, r-release-windows-x86_64, r-oldrel-windows-ix86+x86_64