Last updated on 2025-01-25 18:50:25 CET.
Flavor | Version | Tinstall | Tcheck | Ttotal | Status | Flags |
---|---|---|---|---|---|---|
r-devel-linux-x86_64-debian-clang | 1.0.1 | 8.07 | 74.16 | 82.23 | NOTE | |
r-devel-linux-x86_64-debian-gcc | 1.0.1 | 4.82 | 50.66 | 55.48 | NOTE | |
r-devel-linux-x86_64-fedora-clang | 1.0.1 | 127.34 | NOTE | |||
r-devel-linux-x86_64-fedora-gcc | 1.0.1 | 119.11 | NOTE | |||
r-devel-windows-x86_64 | 1.0.1 | 11.00 | 133.00 | 144.00 | NOTE | |
r-patched-linux-x86_64 | 1.0.1 | 8.36 | 65.65 | 74.01 | NOTE | |
r-release-linux-x86_64 | 1.0.1 | 8.11 | 66.54 | 74.65 | NOTE | |
r-release-macos-arm64 | 1.0.1 | 59.00 | NOTE | |||
r-release-macos-x86_64 | 1.0.1 | 91.00 | NOTE | |||
r-release-windows-x86_64 | 1.0.1 | 10.00 | 130.00 | 140.00 | NOTE | |
r-oldrel-macos-arm64 | 1.0.1 | 58.00 | NOTE | |||
r-oldrel-macos-x86_64 | 1.0.1 | 116.00 | NOTE | |||
r-oldrel-windows-x86_64 | 1.0.1 | 13.00 | 161.00 | 174.00 | NOTE |
Version: 1.0.1
Check: package subdirectories
Result: NOTE
Problems with news in ‘NEWS.md’:
No news entries found.
Flavors: r-devel-linux-x86_64-debian-clang, r-devel-linux-x86_64-debian-gcc, r-devel-linux-x86_64-fedora-clang, r-devel-linux-x86_64-fedora-gcc, r-devel-windows-x86_64, r-patched-linux-x86_64, r-release-linux-x86_64, r-release-macos-arm64, r-release-macos-x86_64, r-release-windows-x86_64, r-oldrel-macos-arm64, r-oldrel-macos-x86_64, r-oldrel-windows-x86_64