Last updated on 2023-01-29 18:53:05 CET.
Flavor | Version | Tinstall | Tcheck | Ttotal | Status | Flags |
---|---|---|---|---|---|---|
r-devel-linux-x86_64-debian-clang | 0.1.2 | 8.21 | 84.35 | 92.56 | OK | |
r-devel-linux-x86_64-debian-gcc | 0.1.2 | 5.25 | 62.12 | 67.37 | OK | |
r-devel-linux-x86_64-fedora-clang | 0.1.2 | 114.60 | NOTE | |||
r-devel-linux-x86_64-fedora-gcc | 0.1.2 | 111.42 | NOTE | |||
r-devel-windows-x86_64 | 0.1.2 | 59.00 | 119.00 | 178.00 | OK | |
r-patched-linux-x86_64 | 0.1.2 | 7.54 | 91.56 | 99.10 | OK | |
r-release-linux-x86_64 | 0.1.2 | 8.34 | 93.39 | 101.73 | OK | |
r-release-macos-arm64 | 0.1.2 | 66.00 | NOTE | |||
r-release-macos-x86_64 | 0.1.2 | 102.00 | NOTE | |||
r-release-windows-x86_64 | 0.1.2 | 13.00 | 111.00 | 124.00 | OK | |
r-oldrel-macos-arm64 | 0.1.2 | 57.00 | NOTE | |||
r-oldrel-macos-x86_64 | 0.1.2 | 55.00 | NOTE | |||
r-oldrel-windows-ix86+x86_64 | 0.1.2 | 25.00 | 115.00 | 140.00 | OK |
Version: 0.1.2
Check: dependencies in R code
Result: NOTE
Namespaces in Imports field not imported from:
‘ggmulti’ ‘loon’ ‘loon.data’ ‘loon.ggplot’ ‘loon.shiny’ ‘loon.tourr’
‘stats’ ‘zenplots’
All declared Imports should be used.
Flavors: r-devel-linux-x86_64-fedora-clang, r-devel-linux-x86_64-fedora-gcc, r-release-macos-arm64, r-release-macos-x86_64, r-oldrel-macos-arm64, r-oldrel-macos-x86_64