CRAN Package Check Results for Package dextergui

Last updated on 2022-12-09 11:00:34 CET.

Flavor Version Tinstall Tcheck Ttotal Status Flags
r-devel-linux-x86_64-debian-clang 0.2.6 18.92 114.24 133.16 OK
r-devel-linux-x86_64-debian-gcc 0.2.6 14.06 92.22 106.28 OK
r-devel-linux-x86_64-fedora-clang 0.2.6 169.91 NOTE
r-devel-linux-x86_64-fedora-gcc 0.2.6 172.83 OK
r-devel-windows-x86_64 0.2.6 35.00 160.00 195.00 OK
r-patched-linux-x86_64 0.2.6 15.08 106.86 121.94 OK
r-release-linux-x86_64 0.2.6 10.62 106.71 117.33 OK
r-release-macos-arm64 0.2.6 41.00 OK
r-release-macos-x86_64 0.2.6 62.00 OK
r-release-windows-x86_64 0.2.6 28.00 138.00 166.00 OK
r-oldrel-macos-arm64 0.2.6 40.00 OK
r-oldrel-macos-x86_64 0.2.6 58.00 OK
r-oldrel-windows-ix86+x86_64 0.2.6 38.00 142.00 180.00 OK

Check Details

Version: 0.2.6
Check: package dependencies
Result: NOTE
    Imports includes 22 non-default packages.
    Importing from so many packages makes the package vulnerable to any of
    them becoming unavailable. Move as many as possible to Suggests and
    use conditionally.
Flavor: r-devel-linux-x86_64-fedora-clang