CRAN Package Check Results for Package dde

Last updated on 2022-12-09 11:00:34 CET.

Flavor Version Tinstall Tcheck Ttotal Status Flags
r-devel-linux-x86_64-debian-clang 1.0.1 6.31 50.91 57.22 WARN
r-devel-linux-x86_64-debian-gcc 1.0.1 5.36 39.85 45.21 WARN
r-devel-linux-x86_64-fedora-clang 1.0.1 79.10 WARN
r-devel-linux-x86_64-fedora-gcc 1.0.1 90.37 WARN
r-devel-windows-x86_64 1.0.1 22.00 108.00 130.00 OK
r-patched-linux-x86_64 1.0.1 5.87 46.67 52.54 OK
r-release-linux-x86_64 1.0.1 5.29 48.41 53.70 OK
r-release-macos-arm64 1.0.1 34.00 OK
r-release-macos-x86_64 1.0.1 39.00 OK
r-release-windows-x86_64 1.0.1 26.00 108.00 134.00 OK
r-oldrel-macos-arm64 1.0.1 36.00 OK
r-oldrel-macos-x86_64 1.0.1 52.00 OK
r-oldrel-windows-ix86+x86_64 1.0.1 22.00 121.00 143.00 OK

Check Details

Version: 1.0.1
Check: whether package can be installed
Result: WARN
    Found the following significant warnings:
     ./difeq.h:65:38: warning: a function declaration without a prototype is deprecated in all versions of C [-Wstrict-prototypes]
     difeq.c:123:38: warning: a function declaration without a prototype is deprecated in all versions of C [-Wstrict-prototypes]
     ./dopri.h:208:36: warning: a function declaration without a prototype is deprecated in all versions of C [-Wstrict-prototypes]
     dopri.c:245:36: warning: a function declaration without a prototype is deprecated in all versions of C [-Wstrict-prototypes]
Flavors: r-devel-linux-x86_64-debian-clang, r-devel-linux-x86_64-fedora-clang

Version: 1.0.1
Check: whether package can be installed
Result: WARN
    Found the following significant warnings:
     difeq.h:65:1: warning: function declaration isn’t a prototype [-Wstrict-prototypes]
     difeq.c:123:8: warning: function declaration isn’t a prototype [-Wstrict-prototypes]
     dopri.h:208:1: warning: function declaration isn’t a prototype [-Wstrict-prototypes]
     dopri.c:245:8: warning: function declaration isn’t a prototype [-Wstrict-prototypes]
Flavors: r-devel-linux-x86_64-debian-gcc, r-devel-linux-x86_64-fedora-gcc