Last updated on 2023-12-10 03:59:52 CET.
Flavor | Version | Tinstall | Tcheck | Ttotal | Status | Flags |
---|---|---|---|---|---|---|
r-devel-linux-x86_64-debian-clang | 1.0.4 | 8.21 | 51.99 | 60.20 | WARN | |
r-devel-linux-x86_64-debian-gcc | 1.0.4 | 5.77 | 39.66 | 45.43 | WARN | |
r-devel-linux-x86_64-fedora-clang | 1.0.4 | 75.31 | WARN | |||
r-devel-linux-x86_64-fedora-gcc | 1.0.4 | 89.31 | WARN | |||
r-devel-windows-x86_64 | 1.0.4 | 10.00 | 87.00 | 97.00 | WARN | |
r-patched-linux-x86_64 | 1.0.4 | 7.56 | 49.72 | 57.28 | OK | |
r-release-linux-x86_64 | 1.0.4 | 6.04 | 49.95 | 55.99 | OK | |
r-release-macos-arm64 | 1.0.4 | 46.00 | OK | |||
r-release-macos-x86_64 | 1.0.4 | 67.00 | OK | |||
r-release-windows-x86_64 | 1.0.4 | 12.00 | 95.00 | 107.00 | OK | |
r-oldrel-macos-arm64 | 1.0.4 | 36.00 | OK | |||
r-oldrel-macos-x86_64 | 1.0.4 | 40.00 | OK | |||
r-oldrel-windows-x86_64 | 1.0.4 | 12.00 | 88.00 | 100.00 | OK |
Version: 1.0.4
Check: whether package can be installed
Result: WARN
Found the following significant warnings:
difeq.c:269:14: warning: format specifies type 'int' but the argument has type 'size_t' (aka 'unsigned long') [-Wformat]
dopri.c:333:16: warning: format specifies type 'int' but the argument has type 'size_t' (aka 'unsigned long') [-Wformat]
r_difeq.c:215:14: warning: format specifies type 'int' but the argument has type 'size_t' (aka 'unsigned long') [-Wformat]
r_difeq.c:224:16: warning: format specifies type 'int' but the argument has type 'size_t' (aka 'unsigned long') [-Wformat]
r_dopri.c:93:64: warning: format specifies type 'int' but the argument has type 'size_t' (aka 'unsigned long') [-Wformat]
util.c:36:62: warning: format specifies type 'int' but the argument has type 'size_t' (aka 'unsigned long') [-Wformat]
See ‘/home/hornik/tmp/R.check/r-devel-clang/Work/PKGS/dde.Rcheck/00install.out’ for details.
* used C compiler: ‘Debian clang version 17.0.5 (1)’
Flavor: r-devel-linux-x86_64-debian-clang
Version: 1.0.4
Check: whether package can be installed
Result: WARN
Found the following significant warnings:
difeq.c:268:69: warning: format ‘%d’ expects argument of type ‘int’, but argument 2 has type ‘size_t’ {aka ‘long unsigned int’} [-Wformat=]
dopri.c:332:68: warning: format ‘%d’ expects argument of type ‘int’, but argument 2 has type ‘size_t’ {aka ‘long unsigned int’} [-Wformat=]
r_difeq.c:214:59: warning: format ‘%d’ expects argument of type ‘int’, but argument 2 has type ‘size_t’ {aka ‘long unsigned int’} [-Wformat=]
r_difeq.c:223:52: warning: format ‘%d’ expects argument of type ‘int’, but argument 2 has type ‘size_t’ {aka ‘long unsigned int’} [-Wformat=]
r_dopri.c:93:59: warning: format ‘%d’ expects argument of type ‘int’, but argument 2 has type ‘size_t’ {aka ‘long unsigned int’} [-Wformat=]
util.c:36:38: warning: format ‘%d’ expects argument of type ‘int’, but argument 2 has type ‘size_t’ {aka ‘long unsigned int’} [-Wformat=]
See ‘/home/hornik/tmp/R.check/r-devel-gcc/Work/PKGS/dde.Rcheck/00install.out’ for details.
* used C compiler: ‘gcc-13 (Debian 13.2.0-7) 13.2.0’
Flavor: r-devel-linux-x86_64-debian-gcc
Version: 1.0.4
Check: whether package can be installed
Result: WARN
Found the following significant warnings:
difeq.c:269:14: warning: format specifies type 'int' but the argument has type 'size_t' (aka 'unsigned long') [-Wformat]
dopri.c:333:16: warning: format specifies type 'int' but the argument has type 'size_t' (aka 'unsigned long') [-Wformat]
r_difeq.c:215:14: warning: format specifies type 'int' but the argument has type 'size_t' (aka 'unsigned long') [-Wformat]
r_difeq.c:224:16: warning: format specifies type 'int' but the argument has type 'size_t' (aka 'unsigned long') [-Wformat]
r_dopri.c:93:64: warning: format specifies type 'int' but the argument has type 'size_t' (aka 'unsigned long') [-Wformat]
util.c:36:62: warning: format specifies type 'int' but the argument has type 'size_t' (aka 'unsigned long') [-Wformat]
See ‘/data/gannet/ripley/R/packages/tests-clang/dde.Rcheck/00install.out’ for details.
* used C compiler: ‘clang version 17.0.5’
Flavor: r-devel-linux-x86_64-fedora-clang
Version: 1.0.4
Check: whether package can be installed
Result: WARN
Found the following significant warnings:
difeq.c:268:69: warning: format '%d' expects argument of type 'int', but argument 2 has type 'size_t' {aka 'long unsigned int'} [-Wformat=]
dopri.c:332:68: warning: format '%d' expects argument of type 'int', but argument 2 has type 'size_t' {aka 'long unsigned int'} [-Wformat=]
r_difeq.c:214:59: warning: format '%d' expects argument of type 'int', but argument 2 has type 'size_t' {aka 'long unsigned int'} [-Wformat=]
r_difeq.c:223:52: warning: format '%d' expects argument of type 'int', but argument 2 has type 'size_t' {aka 'long unsigned int'} [-Wformat=]
r_dopri.c:93:59: warning: format '%d' expects argument of type 'int', but argument 2 has type 'size_t' {aka 'long unsigned int'} [-Wformat=]
util.c:36:38: warning: format '%d' expects argument of type 'int', but argument 2 has type 'size_t' {aka 'long unsigned int'} [-Wformat=]
See ‘/data/gannet/ripley/R/packages/tests-devel/dde.Rcheck/00install.out’ for details.
* used C compiler: ‘gcc-13 (GCC) 13.2.0’
Flavor: r-devel-linux-x86_64-fedora-gcc
Version: 1.0.4
Check: whether package can be installed
Result: WARN
Found the following significant warnings:
difeq.c:268:69: warning: format '%d' expects argument of type 'int', but argument 2 has type 'size_t' {aka 'long long unsigned int'} [-Wformat=]
dopri.c:332:68: warning: format '%d' expects argument of type 'int', but argument 2 has type 'size_t' {aka 'long long unsigned int'} [-Wformat=]
r_difeq.c:214:59: warning: format '%d' expects argument of type 'int', but argument 2 has type 'size_t' {aka 'long long unsigned int'} [-Wformat=]
r_difeq.c:223:52: warning: format '%d' expects argument of type 'int', but argument 2 has type 'size_t' {aka 'long long unsigned int'} [-Wformat=]
r_dopri.c:93:59: warning: format '%d' expects argument of type 'int', but argument 2 has type 'size_t' {aka 'long long unsigned int'} [-Wformat=]
util.c:36:38: warning: format '%d' expects argument of type 'int', but argument 2 has type 'size_t' {aka 'long long unsigned int'} [-Wformat=]
See 'd:/Rcompile/CRANpkg/local/4.4/dde.Rcheck/00install.out' for details.
* used C compiler: 'gcc.exe (GCC) 12.3.0'
Flavor: r-devel-windows-x86_64