Last updated on 2023-01-29 13:51:20 CET.
Flavor | Version | Tinstall | Tcheck | Ttotal | Status | Flags |
---|---|---|---|---|---|---|
r-devel-linux-x86_64-debian-clang | 0.3-1 | 5.64 | 57.92 | 63.56 | NOTE | |
r-devel-linux-x86_64-debian-gcc | 0.3-1 | 4.41 | 45.12 | 49.53 | NOTE | |
r-devel-linux-x86_64-fedora-clang | 0.3-1 | 80.36 | NOTE | |||
r-devel-linux-x86_64-fedora-gcc | 0.3-1 | 89.49 | NOTE | |||
r-devel-windows-x86_64 | 0.3-1 | 12.00 | 96.00 | 108.00 | NOTE | |
r-patched-linux-x86_64 | 0.3-1 | 5.92 | 55.42 | 61.34 | NOTE | |
r-release-linux-x86_64 | 0.3-1 | 6.31 | 55.20 | 61.51 | NOTE | |
r-release-macos-arm64 | 0.3-1 | 27.00 | NOTE | |||
r-release-macos-x86_64 | 0.3-1 | 40.00 | NOTE | |||
r-release-windows-x86_64 | 0.3-1 | 30.00 | 88.00 | 118.00 | NOTE | |
r-oldrel-macos-arm64 | 0.3-1 | 30.00 | NOTE | |||
r-oldrel-macos-x86_64 | 0.3-1 | 49.00 | NOTE | |||
r-oldrel-windows-ix86+x86_64 | 0.3-1 | 14.00 | 92.00 | 106.00 | NOTE |
Version: 0.3-1
Check: LazyData
Result: NOTE
'LazyData' is specified without a 'data' directory
Flavors: r-devel-linux-x86_64-debian-clang, r-devel-linux-x86_64-debian-gcc, r-devel-linux-x86_64-fedora-clang, r-devel-linux-x86_64-fedora-gcc, r-devel-windows-x86_64, r-patched-linux-x86_64, r-release-linux-x86_64, r-release-macos-arm64, r-release-macos-x86_64, r-release-windows-x86_64, r-oldrel-macos-arm64, r-oldrel-macos-x86_64, r-oldrel-windows-ix86+x86_64