Last updated on 2023-02-06 02:52:31 CET.
Flavor | Version | Tinstall | Tcheck | Ttotal | Status | Flags |
---|---|---|---|---|---|---|
r-devel-linux-x86_64-debian-clang | 0.2.0 | 16.01 | 196.55 | 212.56 | OK | |
r-devel-linux-x86_64-debian-gcc | 0.2.0 | 13.15 | 144.20 | 157.35 | OK | |
r-devel-linux-x86_64-fedora-clang | 0.2.0 | 260.87 | NOTE | |||
r-devel-linux-x86_64-fedora-gcc | 0.2.0 | 272.21 | NOTE | |||
r-devel-windows-x86_64 | 0.2.0 | 73.00 | 226.00 | 299.00 | OK | |
r-patched-linux-x86_64 | 0.2.0 | 17.96 | 182.58 | 200.54 | OK | |
r-release-linux-x86_64 | 0.2.0 | 18.71 | 180.94 | 199.65 | OK | |
r-release-macos-arm64 | 0.2.0 | 74.00 | NOTE | |||
r-release-macos-x86_64 | 0.2.0 | 127.00 | NOTE | |||
r-release-windows-x86_64 | 0.2.0 | 116.00 | 237.00 | 353.00 | OK | |
r-oldrel-macos-arm64 | 0.2.0 | 105.00 | NOTE | |||
r-oldrel-macos-x86_64 | 0.2.0 | 121.00 | NOTE | |||
r-oldrel-windows-ix86+x86_64 | 0.2.0 | 37.00 | 232.00 | 269.00 | OK |
Version: 0.2.0
Check: dependencies in R code
Result: NOTE
Namespace in Imports field not imported from: ‘utils’
All declared Imports should be used.
Flavors: r-devel-linux-x86_64-fedora-clang, r-devel-linux-x86_64-fedora-gcc, r-release-macos-arm64, r-release-macos-x86_64, r-oldrel-macos-arm64, r-oldrel-macos-x86_64