Last updated on 2025-01-19 02:50:04 CET.
Flavor | Version | Tinstall | Tcheck | Ttotal | Status | Flags |
---|---|---|---|---|---|---|
r-devel-linux-x86_64-debian-clang | 0.1.0 | 11.33 | 125.56 | 136.89 | OK | |
r-devel-linux-x86_64-debian-gcc | 0.1.0 | 6.58 | 86.37 | 92.95 | OK | |
r-devel-linux-x86_64-fedora-clang | 0.1.0 | 218.35 | OK | |||
r-devel-linux-x86_64-fedora-gcc | 0.1.0 | 238.07 | OK | |||
r-devel-windows-x86_64 | 0.1.0 | 11.00 | 132.00 | 143.00 | OK | |
r-patched-linux-x86_64 | 0.1.0 | 10.26 | 115.86 | 126.12 | OK | |
r-release-linux-x86_64 | 0.1.0 | 8.55 | 115.48 | 124.03 | OK | |
r-release-macos-arm64 | 0.1.0 | 64.00 | NOTE | |||
r-release-macos-x86_64 | 0.1.0 | 102.00 | NOTE | |||
r-release-windows-x86_64 | 0.1.0 | 12.00 | 132.00 | 144.00 | NOTE | |
r-oldrel-macos-arm64 | 0.1.0 | 56.00 | NOTE | |||
r-oldrel-macos-x86_64 | 0.1.0 | 143.00 | NOTE | |||
r-oldrel-windows-x86_64 | 0.1.0 | 15.00 | 163.00 | 178.00 | NOTE |
Version: 0.1.0
Check: installed package size
Result: NOTE
installed size is 7.2Mb
sub-directories of 1Mb or more:
doc 6.7Mb
Flavors: r-release-macos-arm64, r-release-macos-x86_64, r-release-windows-x86_64, r-oldrel-macos-arm64, r-oldrel-macos-x86_64, r-oldrel-windows-x86_64