Last updated on 2023-02-05 18:54:58 CET.
Flavor | Version | Tinstall | Tcheck | Ttotal | Status | Flags |
---|---|---|---|---|---|---|
r-devel-linux-x86_64-debian-clang | 1.1-2 | 63.62 | 908.39 | 972.01 | OK | |
r-devel-linux-x86_64-debian-gcc | 1.1-2 | 40.04 | 646.81 | 686.85 | OK | |
r-devel-linux-x86_64-fedora-clang | 1.1-2 | 1218.23 | NOTE | |||
r-devel-linux-x86_64-fedora-gcc | 1.1-2 | 1168.49 | OK | |||
r-devel-windows-x86_64 | 1.1-2 | 250.00 | 527.00 | 777.00 | NOTE | --no-vignettes |
r-patched-linux-x86_64 | 1.1-2 | 57.48 | 844.23 | 901.71 | OK | |
r-release-linux-x86_64 | 1.1-2 | 48.12 | 819.40 | 867.52 | OK | |
r-release-macos-arm64 | 1.1-2 | 315.00 | NOTE | |||
r-release-macos-x86_64 | 1.1-2 | 386.00 | NOTE | |||
r-release-windows-x86_64 | 1.1-2 | 265.00 | 522.00 | 787.00 | NOTE | --no-vignettes |
r-oldrel-macos-arm64 | 1.1-2 | 288.00 | NOTE | |||
r-oldrel-macos-x86_64 | 1.1-2 | 392.00 | NOTE | |||
r-oldrel-windows-ix86+x86_64 | 1.1-2 | 104.00 | 859.00 | 963.00 | NOTE | --no-vignettes |
Version: 1.1-2
Check: installed package size
Result: NOTE
installed size is 7.7Mb
sub-directories of 1Mb or more:
R 2.2Mb
doc 3.5Mb
Flavors: r-devel-linux-x86_64-fedora-clang, r-release-macos-arm64, r-release-macos-x86_64, r-oldrel-macos-arm64, r-oldrel-macos-x86_64
Version: 1.1-2
Flags: --no-vignettes
Check: installed package size
Result: NOTE
installed size is 7.5Mb
sub-directories of 1Mb or more:
R 2.1Mb
doc 3.4Mb
Flavors: r-devel-windows-x86_64, r-release-windows-x86_64, r-oldrel-windows-ix86+x86_64