Last updated on 2023-12-10 03:59:51 CET.
Flavor | Version | Tinstall | Tcheck | Ttotal | Status | Flags |
---|---|---|---|---|---|---|
r-devel-linux-x86_64-debian-clang | 1.1-3 | 57.14 | 913.34 | 970.48 | OK | |
r-devel-linux-x86_64-debian-gcc | 1.1-3 | 41.64 | 655.82 | 697.46 | OK | |
r-devel-linux-x86_64-fedora-clang | 1.1-3 | 1200.84 | NOTE | |||
r-devel-linux-x86_64-fedora-gcc | 1.1-3 | 1203.70 | OK | |||
r-devel-windows-x86_64 | 1.1-3 | 51.00 | 428.00 | 479.00 | NOTE | --no-vignettes |
r-patched-linux-x86_64 | 1.1-2 | 54.74 | 880.96 | 935.70 | OK | |
r-release-linux-x86_64 | 1.1-2 | 51.57 | 873.89 | 925.46 | OK | |
r-release-macos-arm64 | 1.1-3 | 346.00 | NOTE | |||
r-release-macos-x86_64 | 1.1-3 | 732.00 | NOTE | |||
r-release-windows-x86_64 | 1.1-2 | 66.00 | 475.00 | 541.00 | NOTE | --no-vignettes |
r-oldrel-macos-arm64 | 1.1-3 | 374.00 | NOTE | |||
r-oldrel-macos-x86_64 | 1.1-2 | 386.00 | NOTE | |||
r-oldrel-windows-x86_64 | 1.1-2 | 73.00 | 475.00 | 548.00 | NOTE | --no-vignettes |
Version: 1.1-3
Check: installed package size
Result: NOTE
installed size is 7.8Mb
sub-directories of 1Mb or more:
R 2.1Mb
doc 3.5Mb
Flavors: r-devel-linux-x86_64-fedora-clang, r-release-macos-arm64, r-release-macos-x86_64, r-oldrel-macos-arm64
Version: 1.1-3
Flags: --no-vignettes
Check: installed package size
Result: NOTE
installed size is 7.6Mb
sub-directories of 1Mb or more:
R 2.1Mb
doc 3.5Mb
Flavor: r-devel-windows-x86_64
Version: 1.1-2
Flags: --no-vignettes
Check: installed package size
Result: NOTE
installed size is 7.5Mb
sub-directories of 1Mb or more:
R 2.1Mb
doc 3.4Mb
Flavors: r-release-windows-x86_64, r-oldrel-windows-x86_64
Version: 1.1-2
Check: installed package size
Result: NOTE
installed size is 7.8Mb
sub-directories of 1Mb or more:
R 2.1Mb
doc 3.4Mb
Flavor: r-oldrel-macos-x86_64