CRAN Package Check Results for Package codemetar

Last updated on 2024-07-22 10:49:11 CEST.

Flavor Version Tinstall Tcheck Ttotal Status Flags
r-devel-linux-x86_64-debian-clang 0.3.5 4.19 47.62 51.81 OK
r-devel-linux-x86_64-debian-gcc 0.3.5 3.29 36.20 39.49 NOTE
r-devel-linux-x86_64-fedora-clang 0.3.5 70.18 OK
r-devel-linux-x86_64-fedora-gcc 0.3.5 75.77 OK
r-devel-windows-x86_64 0.3.5 6.00 58.00 64.00 NOTE
r-patched-linux-x86_64 0.3.5 6.08 46.90 52.98 OK
r-release-linux-x86_64 0.3.5 4.45 46.33 50.78 OK
r-release-macos-arm64 0.3.5 30.00 OK
r-release-macos-x86_64 0.3.5 49.00 OK
r-release-windows-x86_64 0.3.5 7.00 57.00 64.00 OK
r-oldrel-macos-arm64 0.3.5 28.00 OK
r-oldrel-macos-x86_64 0.3.5 61.00 OK
r-oldrel-windows-x86_64 0.3.5 7.00 62.00 69.00 OK

Check Details

Version: 0.3.5
Check: Rd cross-references
Result: NOTE Found the following Rd file(s) with Rd \link{} targets missing package anchors: create_codemeta.Rd: write_json write_codemeta.Rd: write_json Please provide package anchors for all Rd \link{} targets not in the package itself and the base packages. Flavors: r-devel-linux-x86_64-debian-gcc, r-devel-windows-x86_64