CRAN Package Check Results for Package codalm

Last updated on 2024-04-15 18:56:59 CEST.

Flavor Version Tinstall Tcheck Ttotal Status Flags
r-devel-linux-x86_64-debian-clang 0.1.2 2.40 65.80 68.20 NOTE
r-devel-linux-x86_64-debian-gcc 0.1.2 1.86 45.94 47.80 NOTE
r-devel-linux-x86_64-fedora-clang 0.1.2 83.32 NOTE
r-devel-linux-x86_64-fedora-gcc 0.1.2 101.54 NOTE
r-prerel-macos-arm64 0.1.2 32.00 NOTE
r-prerel-windows-x86_64 0.1.2 3.00 64.00 67.00 NOTE
r-patched-linux-x86_64 0.1.2 2.60 60.69 63.29 NOTE
r-release-linux-x86_64 0.1.2 2.74 61.05 63.79 OK
r-release-macos-arm64 0.1.2 37.00 OK
r-release-macos-x86_64 0.1.2 51.00 OK
r-release-windows-x86_64 0.1.2 4.00 74.00 78.00 OK
r-oldrel-macos-arm64 0.1.2 27.00 OK
r-oldrel-windows-x86_64 0.1.2 4.00 77.00 81.00 OK

Check Details

Version: 0.1.2
Check: Rd files
Result: NOTE checkRd: (-1) educFM.Rd:22: Lost braces in \itemize; meant \describe ? checkRd: (-1) educFM.Rd:23: Lost braces in \itemize; meant \describe ? checkRd: (-1) educFM.Rd:24: Lost braces in \itemize; meant \describe ? checkRd: (-1) educFM.Rd:25: Lost braces in \itemize; meant \describe ? checkRd: (-1) educFM.Rd:26: Lost braces in \itemize; meant \describe ? checkRd: (-1) educFM.Rd:27: Lost braces in \itemize; meant \describe ? checkRd: (-1) educFM.Rd:28: Lost braces in \itemize; meant \describe ? Flavors: r-devel-linux-x86_64-debian-clang, r-devel-linux-x86_64-debian-gcc, r-devel-linux-x86_64-fedora-clang, r-devel-linux-x86_64-fedora-gcc, r-prerel-macos-arm64, r-prerel-windows-x86_64, r-patched-linux-x86_64