CRAN Package Check Results for Package cmsaf

Last updated on 2024-07-24 18:53:48 CEST.

Flavor Version Tinstall Tcheck Ttotal Status Flags
r-devel-linux-x86_64-debian-clang 3.5.1 2.58 26.97 29.55 OK
r-devel-linux-x86_64-debian-gcc 3.5.1 1.52 21.07 22.59 OK
r-devel-linux-x86_64-fedora-clang 3.5.1 38.27 NOTE
r-devel-linux-x86_64-fedora-gcc 3.5.1 35.06 NOTE
r-devel-windows-x86_64 3.5.1 7.00 47.00 54.00 OK
r-patched-linux-x86_64 3.5.1 2.65 26.10 28.75 OK
r-release-linux-x86_64 3.5.1 2.68 26.24 28.92 OK
r-release-macos-arm64 3.5.1 19.00 OK
r-release-macos-x86_64 3.5.1 27.00 OK
r-release-windows-x86_64 3.5.1 5.00 48.00 53.00 OK
r-oldrel-macos-arm64 3.5.1 21.00 OK
r-oldrel-macos-x86_64 3.5.1 33.00 OK
r-oldrel-windows-x86_64 3.5.1 5.00 47.00 52.00 OK

Check Details

Version: 3.5.1
Check: dependencies in R code
Result: NOTE Namespaces in Imports field not imported from: ‘FNN’ ‘R.utils’ ‘SearchTrees’ ‘colorspace’ ‘colourpicker’ ‘data.table’ ‘maps’ ‘ncdf4’ ‘raster’ ‘shinyFiles’ ‘shinyWidgets’ ‘shinyjs’ ‘shinythemes’ ‘tcltk’ ‘xml2’ All declared Imports should be used. Flavors: r-devel-linux-x86_64-fedora-clang, r-devel-linux-x86_64-fedora-gcc