CRAN Package Check Results for Package cli

Last updated on 2022-11-30 11:52:27 CET.

Flavor Version Tinstall Tcheck Ttotal Status Flags
r-devel-linux-x86_64-debian-clang 3.4.1 17.40 150.42 167.82 WARN
r-devel-linux-x86_64-debian-gcc 3.4.1 13.68 118.08 131.76 WARN
r-devel-linux-x86_64-fedora-clang 3.4.1 227.45 WARN
r-devel-linux-x86_64-fedora-gcc 3.4.1 247.64 WARN
r-devel-windows-x86_64 3.4.1 215.00 219.00 434.00 OK
r-patched-linux-x86_64 3.4.1 19.74 145.93 165.67 OK
r-release-linux-x86_64 3.4.1 19.50 144.79 164.29 OK
r-release-macos-arm64 3.4.1 62.00 OK
r-release-macos-x86_64 3.4.1 101.00 OK
r-release-windows-x86_64 3.4.1 171.00 205.00 376.00 OK
r-oldrel-macos-arm64 3.4.1 58.00 OK
r-oldrel-macos-x86_64 3.4.1 100.00 OK
r-oldrel-windows-ix86+x86_64 3.4.1 87.00 256.00 343.00 OK

Check Details

Version: 3.4.1
Check: whether package can be installed
Result: WARN
    Found the following significant warnings:
     ./cli.h:13:18: warning: a function declaration without a prototype is deprecated in all versions of C [-Wstrict-prototypes]
     ./cli.h:19:19: warning: a function declaration without a prototype is deprecated in all versions of C [-Wstrict-prototypes]
     ./cli.h:40:21: warning: a function declaration without a prototype is deprecated in all versions of C [-Wstrict-prototypes]
     ./cli.h:58:22: warning: a function declaration without a prototype is deprecated in all versions of C [-Wstrict-prototypes]
     ./cli.h:62:22: warning: a function declaration without a prototype is deprecated in all versions of C [-Wstrict-prototypes]
     ./cli.h:63:21: warning: a function declaration without a prototype is deprecated in all versions of C [-Wstrict-prototypes]
     ./cli.h:64:19: warning: a function declaration without a prototype is deprecated in all versions of C [-Wstrict-prototypes]
     ./cli.h:68:21: warning: a function declaration without a prototype is deprecated in all versions of C [-Wstrict-prototypes]
     ./cli.h:69:21: warning: a function declaration without a prototype is deprecated in all versions of C [-Wstrict-prototypes]
     ./cli.h:102:28: warning: a function declaration without a prototype is deprecated in all versions of C [-Wstrict-prototypes]
     ./cleancall.h:31:20: warning: a function declaration without a prototype is deprecated in all versions of C [-Wstrict-prototypes]
     ./cleancall.h:42:27: warning: a function declaration without a prototype is deprecated in all versions of C [-Wstrict-prototypes]
     ansi.c:111:38: warning: a function declaration without a prototype is deprecated in all versions of C [-Wstrict-prototypes]
     cleancall.c:38:20: warning: a function declaration without a prototype is deprecated in all versions of C [-Wstrict-prototypes]
     cleancall.c:141:26: warning: a function declaration without a prototype is deprecated in all versions of C [-Wstrict-prototypes]
     init.c:8:17: warning: a function declaration without a prototype is deprecated in all versions of C [-Wstrict-prototypes]
     init.c:26:22: warning: a function declaration without a prototype is deprecated in all versions of C [-Wstrict-prototypes]
     progress-altrep.c:54:21: warning: a function declaration without a prototype is deprecated in all versions of C [-Wstrict-prototypes]
     progress-altrep.c:58:21: warning: a function declaration without a prototype is deprecated in all versions of C [-Wstrict-prototypes]
     progress.c:69:29: warning: a function declaration without a prototype is deprecated in all versions of C [-Wstrict-prototypes]
     progress.c:80:22: warning: a function declaration without a prototype is deprecated in all versions of C [-Wstrict-prototypes]
     progress.c:87:19: warning: a function declaration without a prototype is deprecated in all versions of C [-Wstrict-prototypes]
     progress.c:306:21: warning: a function declaration without a prototype is deprecated in all versions of C [-Wstrict-prototypes]
     thread.c:80:21: warning: a function declaration without a prototype is deprecated in all versions of C [-Wstrict-prototypes]
     thread.c:118:22: warning: a function declaration without a prototype is deprecated in all versions of C [-Wstrict-prototypes]
     thread.c:139:21: warning: a function declaration without a prototype is deprecated in all versions of C [-Wstrict-prototypes]
     tty.c:15:19: warning: a function declaration without a prototype is deprecated in all versions of C [-Wstrict-prototypes]
     utils.c:44:18: warning: a function declaration without a prototype is deprecated in all versions of C [-Wstrict-prototypes]
     win-utf8.c:12:28: warning: a function declaration without a prototype is deprecated in all versions of C [-Wstrict-prototypes]
Flavors: r-devel-linux-x86_64-debian-clang, r-devel-linux-x86_64-fedora-clang

Version: 3.4.1
Check: whether package can be installed
Result: WARN
    Found the following significant warnings:
     cli.h:13:1: warning: function declaration isn’t a prototype [-Wstrict-prototypes]
     cli.h:19:1: warning: function declaration isn’t a prototype [-Wstrict-prototypes]
     cli.h:40:1: warning: function declaration isn’t a prototype [-Wstrict-prototypes]
     cli.h:58:1: warning: function declaration isn’t a prototype [-Wstrict-prototypes]
     cli.h:62:1: warning: function declaration isn’t a prototype [-Wstrict-prototypes]
     cli.h:63:1: warning: function declaration isn’t a prototype [-Wstrict-prototypes]
     cli.h:64:1: warning: function declaration isn’t a prototype [-Wstrict-prototypes]
     cli.h:68:1: warning: function declaration isn’t a prototype [-Wstrict-prototypes]
     cli.h:69:1: warning: function declaration isn’t a prototype [-Wstrict-prototypes]
     cli.h:102:1: warning: function declaration isn’t a prototype [-Wstrict-prototypes]
     cleancall.h:31:1: warning: function declaration isn’t a prototype [-Wstrict-prototypes]
     cleancall.h:42:1: warning: function declaration isn’t a prototype [-Wstrict-prototypes]
     ansi.c:111:12: warning: function declaration isn’t a prototype [-Wstrict-prototypes]
     cleancall.c:38:6: warning: function declaration isn’t a prototype [-Wstrict-prototypes]
     cleancall.c:141:5: warning: function declaration isn’t a prototype [-Wstrict-prototypes]
     init.c:8:6: warning: function declaration isn’t a prototype [-Wstrict-prototypes]
     init.c:26:6: warning: function declaration isn’t a prototype [-Wstrict-prototypes]
     progress-altrep.c:54:6: warning: function declaration isn’t a prototype [-Wstrict-prototypes]
     progress-altrep.c:58:6: warning: function declaration isn’t a prototype [-Wstrict-prototypes]
     progress.c:69:22: warning: function declaration isn’t a prototype [-Wstrict-prototypes]
     progress.c:80:8: warning: function declaration isn’t a prototype [-Wstrict-prototypes]
     progress.c:87:6: warning: function declaration isn’t a prototype [-Wstrict-prototypes]
     progress.c:306:5: warning: function declaration isn’t a prototype [-Wstrict-prototypes]
     thread.c:80:5: warning: function declaration isn’t a prototype [-Wstrict-prototypes]
     thread.c:118:6: warning: function declaration isn’t a prototype [-Wstrict-prototypes]
     thread.c:139:6: warning: function declaration isn’t a prototype [-Wstrict-prototypes]
     tty.c:15:6: warning: function declaration isn’t a prototype [-Wstrict-prototypes]
     utils.c:44:6: warning: function declaration isn’t a prototype [-Wstrict-prototypes]
     win-utf8.c:12:6: warning: function declaration isn’t a prototype [-Wstrict-prototypes]
Flavors: r-devel-linux-x86_64-debian-gcc, r-devel-linux-x86_64-fedora-gcc