Last updated on 2025-01-22 18:50:14 CET.
Flavor | Version | Tinstall | Tcheck | Ttotal | Status | Flags |
---|---|---|---|---|---|---|
r-devel-linux-x86_64-debian-clang | 0.1.8 | 10.75 | 518.53 | 529.28 | OK | |
r-devel-linux-x86_64-debian-gcc | 0.1.8 | 7.46 | 499.71 | 507.17 | OK | |
r-devel-linux-x86_64-fedora-clang | 0.1.8 | 753.88 | NOTE | |||
r-devel-linux-x86_64-fedora-gcc | 0.1.8 | 779.05 | NOTE | |||
r-devel-windows-x86_64 | 0.1.8 | 12.00 | 509.00 | 521.00 | OK | |
r-patched-linux-x86_64 | 0.1.8 | 9.95 | 497.55 | 507.50 | NOTE | |
r-release-linux-x86_64 | 0.1.8 | 9.80 | 503.08 | 512.88 | NOTE | |
r-release-macos-arm64 | 0.1.8 | 289.00 | NOTE | |||
r-release-macos-x86_64 | 0.1.8 | 358.00 | NOTE | |||
r-release-windows-x86_64 | 0.1.8 | 12.00 | 492.00 | 504.00 | NOTE | |
r-oldrel-macos-arm64 | 0.1.8 | 275.00 | NOTE | |||
r-oldrel-macos-x86_64 | 0.1.8 | 440.00 | NOTE | |||
r-oldrel-windows-x86_64 | 0.1.8 | 14.00 | 628.00 | 642.00 | NOTE |
Version: 0.1.8
Check: dependencies in R code
Result: NOTE
Namespaces in Imports field not imported from:
'knitr' 'rmarkdown'
All declared Imports should be used.
Flavors: r-devel-linux-x86_64-fedora-clang, r-devel-linux-x86_64-fedora-gcc
Version: 0.1.8
Check: package dependencies
Result: NOTE
Package suggested but not available for checking: ‘countreg’
Flavors: r-patched-linux-x86_64, r-release-linux-x86_64, r-release-macos-arm64, r-release-macos-x86_64, r-release-windows-x86_64, r-oldrel-macos-x86_64, r-oldrel-windows-x86_64
Version: 0.1.8
Check: package dependencies
Result: NOTE
Packages suggested but not available for checking:
'GenomicInteractions', 'Gviz', 'countreg'
Flavor: r-oldrel-macos-arm64