CRAN Package Check Results for Package catmap

Last updated on 2024-03-03 04:48:32 CET.

Flavor Version Tinstall Tcheck Ttotal Status Flags
r-devel-linux-x86_64-debian-clang 1.6.4 3.29 33.90 37.19 NOTE
r-devel-linux-x86_64-debian-gcc 1.6.4 2.44 26.09 28.53 NOTE
r-devel-linux-x86_64-fedora-clang 1.6.4 45.21 NOTE
r-devel-linux-x86_64-fedora-gcc 1.6.4 45.31 NOTE
r-devel-windows-x86_64 1.6.4 4.00 48.00 52.00 OK
r-patched-linux-x86_64 1.6.4 2.53 33.66 36.19 NOTE
r-release-linux-x86_64 1.6.4 3.16 33.36 36.52 NOTE
r-release-macos-arm64 1.6.4 26.00 OK
r-release-macos-x86_64 1.6.4 27.00 OK
r-release-windows-x86_64 1.6.4 4.00 51.00 55.00 OK
r-oldrel-macos-arm64 1.6.4 22.00 OK
r-oldrel-windows-x86_64 1.6.4 4.00 53.00 57.00 OK

Check Details

Version: 1.6.4
Check: Rd files
Result: NOTE checkRd: (-1) catmapdata.Rd:9-14: Lost braces in \itemize; meant \describe ? checkRd: (-1) catmapdata.Rd:14-15: Lost braces in \itemize; meant \describe ? checkRd: (-1) catmapdata.Rd:15-16: Lost braces in \itemize; meant \describe ? checkRd: (-1) catmapdata.Rd:16-17: Lost braces in \itemize; meant \describe ? checkRd: (-1) catmapdata.Rd:17-18: Lost braces in \itemize; meant \describe ? checkRd: (-1) catmapdata.Rd:18-19: Lost braces in \itemize; meant \describe ? checkRd: (-1) catmapdata.Rd:19-20: Lost braces in \itemize; meant \describe ? checkRd: (-1) catmapdata.Rd:20-21: Lost braces in \itemize; meant \describe ? Flavors: r-devel-linux-x86_64-debian-clang, r-devel-linux-x86_64-debian-gcc, r-devel-linux-x86_64-fedora-clang, r-devel-linux-x86_64-fedora-gcc

Version: 1.6.4
Check: for non-standard things in the check directory
Result: NOTE Found the following files/directories: ‘catmapdata.fixed.effects.plot.pdf’ ‘catmapdata.funnel.plot.pdf’ ‘catmapdata.output.txt’ ‘catmapdata.random.effects.plot.pdf’ Flavors: r-devel-linux-x86_64-debian-clang, r-devel-linux-x86_64-debian-gcc, r-devel-linux-x86_64-fedora-clang, r-devel-linux-x86_64-fedora-gcc, r-patched-linux-x86_64, r-release-linux-x86_64