CRAN Package Check Results for Package cPCG

Last updated on 2024-05-27 18:52:33 CEST.

Flavor Version Tinstall Tcheck Ttotal Status Flags
r-devel-linux-x86_64-debian-clang 1.0 30.70 31.93 62.63 NOTE
r-devel-linux-x86_64-debian-gcc 1.0 23.75 25.29 49.04 NOTE
r-devel-linux-x86_64-fedora-clang 1.0 100.76 NOTE
r-devel-linux-x86_64-fedora-gcc 1.0 106.08 NOTE
r-devel-windows-x86_64 1.0 29.00 65.00 94.00 NOTE
r-patched-linux-x86_64 1.0 28.05 31.60 59.65 NOTE
r-release-linux-x86_64 1.0 27.63 31.55 59.18 NOTE
r-release-macos-arm64 1.0 32.00 NOTE
r-release-windows-x86_64 1.0 28.00 64.00 92.00 NOTE
r-oldrel-macos-arm64 1.0 30.00 NOTE
r-oldrel-macos-x86_64 1.0 54.00 NOTE
r-oldrel-windows-x86_64 1.0 33.00 72.00 105.00 NOTE

Check Details

Version: 1.0
Check: C++ specification
Result: NOTE Specified C++11: please drop specification unless essential Flavors: r-devel-linux-x86_64-debian-clang, r-devel-linux-x86_64-debian-gcc, r-devel-linux-x86_64-fedora-clang, r-devel-linux-x86_64-fedora-gcc, r-devel-windows-x86_64, r-patched-linux-x86_64, r-release-linux-x86_64, r-release-macos-arm64, r-release-windows-x86_64, r-oldrel-macos-arm64, r-oldrel-macos-x86_64, r-oldrel-windows-x86_64