CRAN Package Check Results for Package bujar

Last updated on 2024-06-14 02:53:54 CEST.

Flavor Version Tinstall Tcheck Ttotal Status Flags
r-devel-linux-x86_64-debian-clang 0.2-11 19.03 156.64 175.67 OK
r-devel-linux-x86_64-debian-gcc 0.2-11 0.42 1.95 2.37 ERROR
r-devel-linux-x86_64-fedora-clang 0.2-11 220.91 OK
r-devel-linux-x86_64-fedora-gcc 0.2-11 221.23 OK
r-devel-windows-x86_64 0.2-11 16.00 137.00 153.00 OK
r-patched-linux-x86_64 0.2-11 17.69 153.30 170.99 OK
r-release-linux-x86_64 0.2-11 11.00 152.72 163.72 OK
r-release-macos-arm64 0.2-11 66.00 OK
r-release-macos-x86_64 0.2-11 94.00 OK
r-release-windows-x86_64 0.2-11 16.00 138.00 154.00 OK
r-oldrel-macos-arm64 0.2-11 70.00 OK
r-oldrel-macos-x86_64 0.2-11 195.00 OK
r-oldrel-windows-x86_64 0.2-11 21.00 161.00 182.00 OK

Check Details

Version: 0.2-11
Check: package dependencies
Result: ERROR Package required but not available: ‘rms’ See section ‘The DESCRIPTION file’ in the ‘Writing R Extensions’ manual. Flavor: r-devel-linux-x86_64-debian-gcc